{"id":4841,"date":"2022-11-09T16:10:37","date_gmt":"2022-11-09T16:10:37","guid":{"rendered":"https:\/\/bonnettperu.net\/wp56\/?post_type=product&#038;p=4841"},"modified":"2023-06-02T17:08:00","modified_gmt":"2023-06-02T17:08:00","slug":"electrobomba-multicelular-vertical-modelo-mk-5-7-2-5-hp","status":"publish","type":"product","link":"https:\/\/bonnettperu.net\/wp56\/producto\/electrobomba-multicelular-vertical-modelo-mk-5-7-2-5-hp\/","title":{"rendered":"ELECTROBOMBA MULTICELULAR VERTICAL MK 5\/7 2.5 HP."},"content":{"rendered":"<p><strong>Caracter\u00edsticas:<\/strong><\/p>\n<ul>\n<li>220V.-380V.<\/li>\n<li>Trif\u00e1sica<\/li>\n<\/ul>\n","protected":false},"excerpt":{"rendered":"<p><a href=\"https:\/\/grupobonnett.com\/wp-content\/uploads\/2022\/09\/PEDROLLO_MK_ES_60Hz-1.pdf\">PEDROLLO_MK_ES_60Hz (1)<\/a><\/p>\n<p>Son recomendadas para bombear agua limpia, sin part\u00edculas abrasivas y l\u00edquidos qu\u00edmicamente no agresivos con los materiales que constituyen la bomba. Los rendimientos elevados y la adaptabilidad a las m\u00e1s variadas aplicaciones, la convierten en la elecci\u00f3n ideal en el sector residencial, civil e industrial; y espec\u00edficamente para la distribuci\u00f3n del agua acopladas a tanques de presurizaci\u00f3n y para el aumento de la presi\u00f3n de la red.<\/p>\n<p>La instalaci\u00f3n se debe realizar en lugares cerrados o protegidos de la intemperie.<\/p>\n","protected":false},"featured_media":5466,"comment_status":"open","ping_status":"closed","template":"","meta":{"_uag_custom_page_level_css":"","site-sidebar-layout":"default","site-content-layout":"default","ast-global-header-display":"","ast-banner-title-visibility":"","ast-main-header-display":"","ast-hfb-above-header-display":"","ast-hfb-below-header-display":"","ast-hfb-mobile-header-display":"","site-post-title":"","ast-breadcrumbs-content":"","ast-featured-img":"","footer-sml-layout":"","theme-transparent-header-meta":"default","adv-header-id-meta":"","stick-header-meta":"","header-above-stick-meta":"","header-main-stick-meta":"","header-below-stick-meta":""},"product_cat":[832,898,845,36,830,826],"product_tag":[],"uagb_featured_image_src":{"full":["https:\/\/bonnettperu.net\/wp56\/wp-content\/uploads\/2023\/06\/Plantilla-para-fotos-WEB-02.png",600,600,false],"thumbnail":["https:\/\/bonnettperu.net\/wp56\/wp-content\/uploads\/2023\/06\/Plantilla-para-fotos-WEB-02-150x150.png",150,150,true],"medium":["https:\/\/bonnettperu.net\/wp56\/wp-content\/uploads\/2023\/06\/Plantilla-para-fotos-WEB-02-300x300.png",300,300,true],"medium_large":["https:\/\/bonnettperu.net\/wp56\/wp-content\/uploads\/2023\/06\/Plantilla-para-fotos-WEB-02.png",600,600,false],"large":["https:\/\/bonnettperu.net\/wp56\/wp-content\/uploads\/2023\/06\/Plantilla-para-fotos-WEB-02.png",600,600,false],"gswps_product_thumb":["https:\/\/bonnettperu.net\/wp56\/wp-content\/uploads\/2023\/06\/Plantilla-para-fotos-WEB-02-350x350.png",350,350,true],"1536x1536":["https:\/\/bonnettperu.net\/wp56\/wp-content\/uploads\/2023\/06\/Plantilla-para-fotos-WEB-02.png",600,600,false],"2048x2048":["https:\/\/bonnettperu.net\/wp56\/wp-content\/uploads\/2023\/06\/Plantilla-para-fotos-WEB-02.png",600,600,false],"woocommerce_thumbnail":["https:\/\/bonnettperu.net\/wp56\/wp-content\/uploads\/2023\/06\/Plantilla-para-fotos-WEB-02-300x300.png",300,300,true],"woocommerce_single":["https:\/\/bonnettperu.net\/wp56\/wp-content\/uploads\/2023\/06\/Plantilla-para-fotos-WEB-02.png",600,600,false],"woocommerce_gallery_thumbnail":["https:\/\/bonnettperu.net\/wp56\/wp-content\/uploads\/2023\/06\/Plantilla-para-fotos-WEB-02-100x100.png",100,100,true],"dgwt-wcas-product-suggestion":["https:\/\/bonnettperu.net\/wp56\/wp-content\/uploads\/2023\/06\/Plantilla-para-fotos-WEB-02-64x64.png",64,64,true]},"uagb_author_info":{"display_name":"admin","author_link":"https:\/\/bonnettperu.net\/wp56\/author\/"},"uagb_comment_info":0,"uagb_excerpt":"PEDROLLO_MK_ES_60Hz (1) Son recomendadas para bombear agua limpia, sin part\u00edculas abrasivas y l\u00edquidos qu\u00edmicamente no agresivos con los materiales que constituyen la bomba. Los rendimientos elevados y la adaptabilidad a las m\u00e1s variadas aplicaciones, la convierten en la elecci\u00f3n ideal en el sector residencial, civil e industrial; y espec\u00edficamente para la distribuci\u00f3n del agua acopladas&hellip;","_links":{"self":[{"href":"https:\/\/bonnettperu.net\/wp56\/wp-json\/wp\/v2\/product\/4841"}],"collection":[{"href":"https:\/\/bonnettperu.net\/wp56\/wp-json\/wp\/v2\/product"}],"about":[{"href":"https:\/\/bonnettperu.net\/wp56\/wp-json\/wp\/v2\/types\/product"}],"replies":[{"embeddable":true,"href":"https:\/\/bonnettperu.net\/wp56\/wp-json\/wp\/v2\/comments?post=4841"}],"wp:featuredmedia":[{"embeddable":true,"href":"https:\/\/bonnettperu.net\/wp56\/wp-json\/wp\/v2\/media\/5466"}],"wp:attachment":[{"href":"https:\/\/bonnettperu.net\/wp56\/wp-json\/wp\/v2\/media?parent=4841"}],"wp:term":[{"taxonomy":"product_cat","embeddable":true,"href":"https:\/\/bonnettperu.net\/wp56\/wp-json\/wp\/v2\/product_cat?post=4841"},{"taxonomy":"product_tag","embeddable":true,"href":"https:\/\/bonnettperu.net\/wp56\/wp-json\/wp\/v2\/product_tag?post=4841"}],"curies":[{"name":"wp","href":"https:\/\/api.w.org\/{rel}","templated":true}]}}