{"id":4679,"date":"2022-11-08T16:55:00","date_gmt":"2022-11-08T16:55:00","guid":{"rendered":"https:\/\/bonnettperu.net\/wp56\/?post_type=product&#038;p=4679"},"modified":"2022-12-16T19:46:08","modified_gmt":"2022-12-16T19:46:08","slug":"equipo-de-filtracion-mod-fsp450-6w","status":"publish","type":"product","link":"https:\/\/bonnettperu.net\/wp56\/producto\/equipo-de-filtracion-mod-fsp450-6w\/","title":{"rendered":"EQUIPO DE FILTRACION MOD. FSP450-6W"},"content":{"rendered":"<p><strong>Caracter\u00edsticas:<\/strong><\/p>\n<ul>\n<li>Utilizado para piscinas dom\u00e9sticas y de f\u00e1cil instalaci\u00f3n<\/li>\n<li>Filtro con protecci\u00f3n UV<\/li>\n<li>Presi\u00f3n m\u00e1xima: 28 PSI \/ 2.0 bar<\/li>\n<li>Temperatura m\u00e1xima de agua: 40\u00b0C<\/li>\n<\/ul>\n","protected":false},"excerpt":{"rendered":"<p><a href=\"https:\/\/bonnettperu.net\/wp56\/wp-content\/uploads\/2022\/11\/Ficha-Tecnica_EQUIPO-FILTRACION-FSP450.pdf\">Ficha T\u00e9cnica_EQUIPO FILTRACI\u00d3N FSP450<\/a><\/p>\n<p>El equipo de filtro Emaux ofrece la soluci\u00f3n eficiente para una excelente filtraci\u00f3n de agua en su hogar.<\/p>\n<p>INCLUYE:<br \/>\nELECTROBOMBA EMAUX SS050 DE 0.5 HP.<br \/>\nFILTRO DE CUARZO EMAUX P450 DE 16&#8243;<\/p>\n","protected":false},"featured_media":4680,"comment_status":"open","ping_status":"closed","template":"","meta":{"_uag_custom_page_level_css":"","site-sidebar-layout":"default","site-content-layout":"default","ast-global-header-display":"","ast-banner-title-visibility":"","ast-main-header-display":"","ast-hfb-above-header-display":"","ast-hfb-below-header-display":"","ast-hfb-mobile-header-display":"","site-post-title":"","ast-breadcrumbs-content":"","ast-featured-img":"","footer-sml-layout":"","theme-transparent-header-meta":"default","adv-header-id-meta":"","stick-header-meta":"","header-above-stick-meta":"","header-main-stick-meta":"","header-below-stick-meta":""},"product_cat":[46,855,834,826],"product_tag":[],"uagb_featured_image_src":{"full":["https:\/\/bonnettperu.net\/wp56\/wp-content\/uploads\/2022\/11\/EQUIPO-FILTRACION-FSP450-6W.jpg",723,721,false],"thumbnail":["https:\/\/bonnettperu.net\/wp56\/wp-content\/uploads\/2022\/11\/EQUIPO-FILTRACION-FSP450-6W-150x150.jpg",150,150,true],"medium":["https:\/\/bonnettperu.net\/wp56\/wp-content\/uploads\/2022\/11\/EQUIPO-FILTRACION-FSP450-6W-300x300.jpg",300,300,true],"medium_large":["https:\/\/bonnettperu.net\/wp56\/wp-content\/uploads\/2022\/11\/EQUIPO-FILTRACION-FSP450-6W.jpg",723,721,false],"large":["https:\/\/bonnettperu.net\/wp56\/wp-content\/uploads\/2022\/11\/EQUIPO-FILTRACION-FSP450-6W.jpg",723,721,false],"gswps_product_thumb":["https:\/\/bonnettperu.net\/wp56\/wp-content\/uploads\/2022\/11\/EQUIPO-FILTRACION-FSP450-6W-350x349.jpg",350,349,true],"1536x1536":["https:\/\/bonnettperu.net\/wp56\/wp-content\/uploads\/2022\/11\/EQUIPO-FILTRACION-FSP450-6W.jpg",723,721,false],"2048x2048":["https:\/\/bonnettperu.net\/wp56\/wp-content\/uploads\/2022\/11\/EQUIPO-FILTRACION-FSP450-6W.jpg",723,721,false],"woocommerce_thumbnail":["https:\/\/bonnettperu.net\/wp56\/wp-content\/uploads\/2022\/11\/EQUIPO-FILTRACION-FSP450-6W-300x300.jpg",300,300,true],"woocommerce_single":["https:\/\/bonnettperu.net\/wp56\/wp-content\/uploads\/2022\/11\/EQUIPO-FILTRACION-FSP450-6W-600x598.jpg",600,598,true],"woocommerce_gallery_thumbnail":["https:\/\/bonnettperu.net\/wp56\/wp-content\/uploads\/2022\/11\/EQUIPO-FILTRACION-FSP450-6W-100x100.jpg",100,100,true],"dgwt-wcas-product-suggestion":["https:\/\/bonnettperu.net\/wp56\/wp-content\/uploads\/2022\/11\/EQUIPO-FILTRACION-FSP450-6W-64x64.jpg",64,64,true]},"uagb_author_info":{"display_name":"admin","author_link":"https:\/\/bonnettperu.net\/wp56\/author\/"},"uagb_comment_info":0,"uagb_excerpt":"Ficha T\u00e9cnica_EQUIPO FILTRACI\u00d3N FSP450 El equipo de filtro Emaux ofrece la soluci\u00f3n eficiente para una excelente filtraci\u00f3n de agua en su hogar. INCLUYE: ELECTROBOMBA EMAUX SS050 DE 0.5 HP. FILTRO DE CUARZO EMAUX P450 DE 16\"","_links":{"self":[{"href":"https:\/\/bonnettperu.net\/wp56\/wp-json\/wp\/v2\/product\/4679"}],"collection":[{"href":"https:\/\/bonnettperu.net\/wp56\/wp-json\/wp\/v2\/product"}],"about":[{"href":"https:\/\/bonnettperu.net\/wp56\/wp-json\/wp\/v2\/types\/product"}],"replies":[{"embeddable":true,"href":"https:\/\/bonnettperu.net\/wp56\/wp-json\/wp\/v2\/comments?post=4679"}],"wp:featuredmedia":[{"embeddable":true,"href":"https:\/\/bonnettperu.net\/wp56\/wp-json\/wp\/v2\/media\/4680"}],"wp:attachment":[{"href":"https:\/\/bonnettperu.net\/wp56\/wp-json\/wp\/v2\/media?parent=4679"}],"wp:term":[{"taxonomy":"product_cat","embeddable":true,"href":"https:\/\/bonnettperu.net\/wp56\/wp-json\/wp\/v2\/product_cat?post=4679"},{"taxonomy":"product_tag","embeddable":true,"href":"https:\/\/bonnettperu.net\/wp56\/wp-json\/wp\/v2\/product_tag?post=4679"}],"curies":[{"name":"wp","href":"https:\/\/api.w.org\/{rel}","templated":true}]}}