{"id":4633,"date":"2022-11-05T14:51:44","date_gmt":"2022-11-05T14:51:44","guid":{"rendered":"https:\/\/bonnettperu.net\/wp56\/?post_type=product&#038;p=4633"},"modified":"2022-11-14T15:28:19","modified_gmt":"2022-11-14T15:28:19","slug":"tubo-telescopico-emaux-2-4-4-8-mts-modelo-ce132","status":"publish","type":"product","link":"https:\/\/bonnettperu.net\/wp56\/producto\/tubo-telescopico-emaux-2-4-4-8-mts-modelo-ce132\/","title":{"rendered":"TUBO TELESCOPICO EMAUX 2.4-4.8 MTS. MODELO CE132"},"content":{"rendered":"<p>Caracter\u00edsticas:<\/p>\n<ul>\n<li>Permite la limpieza en lugares m\u00e1s dif\u00edciles de la piscina<\/li>\n<li>Mango anat\u00f3mico<\/li>\n<li>Varias medidas<\/li>\n<\/ul>\n","protected":false},"excerpt":{"rendered":"<div class=\"product-desc\">\n<div class=\"product-summary\">\n<p><a href=\"https:\/\/bonnettperu.net\/wp56\/wp-content\/uploads\/2022\/09\/Ficha-Tecnica_TUBO_TELESCOPICO_CE133.pdf\">Ficha T\u00e9cnica_TUBO_TELESCOPICO_CE133<\/a><\/p>\n<p>Los tubos telesc\u00f3picos Emaux est\u00e1n disponibles en varias medidas para la limpieza y mantenimiento de su piscina.<\/p>\n<\/div>\n<\/div>\n","protected":false},"featured_media":4063,"comment_status":"open","ping_status":"closed","template":"","meta":{"_uag_custom_page_level_css":"","site-sidebar-layout":"default","site-content-layout":"default","ast-global-header-display":"","ast-banner-title-visibility":"","ast-main-header-display":"","ast-hfb-above-header-display":"","ast-hfb-below-header-display":"","ast-hfb-mobile-header-display":"","site-post-title":"","ast-breadcrumbs-content":"","ast-featured-img":"","footer-sml-layout":"","theme-transparent-header-meta":"default","adv-header-id-meta":"","stick-header-meta":"","header-above-stick-meta":"","header-main-stick-meta":"","header-below-stick-meta":""},"product_cat":[859,46,834],"product_tag":[],"uagb_featured_image_src":{"full":["https:\/\/bonnettperu.net\/wp56\/wp-content\/uploads\/2022\/09\/TUBOS-TELESCOPICOS-PARA-PISCINA.png",540,560,false],"thumbnail":["https:\/\/bonnettperu.net\/wp56\/wp-content\/uploads\/2022\/09\/TUBOS-TELESCOPICOS-PARA-PISCINA-150x150.png",150,150,true],"medium":["https:\/\/bonnettperu.net\/wp56\/wp-content\/uploads\/2022\/09\/TUBOS-TELESCOPICOS-PARA-PISCINA-289x300.png",289,300,true],"medium_large":["https:\/\/bonnettperu.net\/wp56\/wp-content\/uploads\/2022\/09\/TUBOS-TELESCOPICOS-PARA-PISCINA.png",540,560,false],"large":["https:\/\/bonnettperu.net\/wp56\/wp-content\/uploads\/2022\/09\/TUBOS-TELESCOPICOS-PARA-PISCINA.png",540,560,false],"gswps_product_thumb":["https:\/\/bonnettperu.net\/wp56\/wp-content\/uploads\/2022\/09\/TUBOS-TELESCOPICOS-PARA-PISCINA-350x363.png",350,363,true],"1536x1536":["https:\/\/bonnettperu.net\/wp56\/wp-content\/uploads\/2022\/09\/TUBOS-TELESCOPICOS-PARA-PISCINA.png",540,560,false],"2048x2048":["https:\/\/bonnettperu.net\/wp56\/wp-content\/uploads\/2022\/09\/TUBOS-TELESCOPICOS-PARA-PISCINA.png",540,560,false],"woocommerce_thumbnail":["https:\/\/bonnettperu.net\/wp56\/wp-content\/uploads\/2022\/09\/TUBOS-TELESCOPICOS-PARA-PISCINA-300x300.png",300,300,true],"woocommerce_single":["https:\/\/bonnettperu.net\/wp56\/wp-content\/uploads\/2022\/09\/TUBOS-TELESCOPICOS-PARA-PISCINA.png",540,560,false],"woocommerce_gallery_thumbnail":["https:\/\/bonnettperu.net\/wp56\/wp-content\/uploads\/2022\/09\/TUBOS-TELESCOPICOS-PARA-PISCINA-100x100.png",100,100,true],"dgwt-wcas-product-suggestion":["https:\/\/bonnettperu.net\/wp56\/wp-content\/uploads\/2022\/09\/TUBOS-TELESCOPICOS-PARA-PISCINA.png",64,66,false]},"uagb_author_info":{"display_name":"admin","author_link":"https:\/\/bonnettperu.net\/wp56\/author\/"},"uagb_comment_info":0,"uagb_excerpt":"Ficha T\u00e9cnica_TUBO_TELESCOPICO_CE133 Los tubos telesc\u00f3picos Emaux est\u00e1n disponibles en varias medidas para la limpieza y mantenimiento de su piscina.","_links":{"self":[{"href":"https:\/\/bonnettperu.net\/wp56\/wp-json\/wp\/v2\/product\/4633"}],"collection":[{"href":"https:\/\/bonnettperu.net\/wp56\/wp-json\/wp\/v2\/product"}],"about":[{"href":"https:\/\/bonnettperu.net\/wp56\/wp-json\/wp\/v2\/types\/product"}],"replies":[{"embeddable":true,"href":"https:\/\/bonnettperu.net\/wp56\/wp-json\/wp\/v2\/comments?post=4633"}],"wp:featuredmedia":[{"embeddable":true,"href":"https:\/\/bonnettperu.net\/wp56\/wp-json\/wp\/v2\/media\/4063"}],"wp:attachment":[{"href":"https:\/\/bonnettperu.net\/wp56\/wp-json\/wp\/v2\/media?parent=4633"}],"wp:term":[{"taxonomy":"product_cat","embeddable":true,"href":"https:\/\/bonnettperu.net\/wp56\/wp-json\/wp\/v2\/product_cat?post=4633"},{"taxonomy":"product_tag","embeddable":true,"href":"https:\/\/bonnettperu.net\/wp56\/wp-json\/wp\/v2\/product_tag?post=4633"}],"curies":[{"name":"wp","href":"https:\/\/api.w.org\/{rel}","templated":true}]}}