{"id":4535,"date":"2022-10-17T19:30:44","date_gmt":"2022-10-17T19:30:44","guid":{"rendered":"https:\/\/bonnettperu.net\/wp56\/?post_type=product&#038;p=4535"},"modified":"2022-12-21T20:03:50","modified_gmt":"2022-12-21T20:03:50","slug":"electrobomba-de-carcasa-partida-ideal-cph-80-210-3600-rpm-60-hz","status":"publish","type":"product","link":"https:\/\/bonnettperu.net\/wp56\/producto\/electrobomba-de-carcasa-partida-ideal-cph-80-210-3600-rpm-60-hz\/","title":{"rendered":"ELECTROBOMBA DE CARCASA PARTIDA IDEAL CPH 80-210 3600 RPM. 60 HZ."},"content":{"rendered":"<p>Las bombas de incendio centr\u00edfugas de caja dividida\u00a0\u00a0cuentan con un eje pesado y un v\u00e1stago de cojinete corto que reduce la desviaci\u00f3n del eje a un m\u00ednimo, proporcionando una vida \u00fatil m\u00e1s larga del empaque y el rodamiento y menores costos de mantenimiento, al tiempo que requieren menos espacio en el piso.<\/p>\n<p>Las bombas contra incendio de caja dividida de RP se fabrican de acuerdo con las normas NFPA 20 y est\u00e1n listadas por Underwriters Laboratories (UL) y aprobadas por Factory Mutual (FM).<\/p>\n<p>Caracter\u00edsticas:<\/p>\n<p>Dise\u00f1o compacto y operaci\u00f3n eficiente.<br \/>\nManguito del eje para proteger el eje contra la corrosi\u00f3n y el desgaste.<br \/>\nRodamientos axiales y axiales intercambiables con lubricaci\u00f3n por grasa garantizados.<br \/>\nImpulsor cerrado, doble succi\u00f3n, fundido en una pieza y equilibrado para minimizar el empuje y garantizar una vida \u00fatil m\u00e1s larga del rodamiento<br \/>\nDisponible con accionamiento el\u00e9ctrico o di\u00e9sel.<\/p>\n<p>Base fabricada de acero capaz de soportar el peso de la bomba.<br \/>\nDoble impulsor de succi\u00f3n con una sola etapa para reducir las cargas de empuje.<br \/>\nDise\u00f1o Split para un mejor funcionamiento sin alterar la tuber\u00eda.<br \/>\nCojinetes lubricados con grasa.<\/p>\n<p>BENEFICIOS<\/p>\n<p>Facilidad de instalaci\u00f3n y mantenimiento.<br \/>\nAmplia gama de aplicaciones<br \/>\nMateriales de construcci\u00f3n para el servicio de agua de mar est\u00e1n disponibles.<br \/>\nCARACTERISTICAS DE DISE\u00d1O<\/p>\n<p>Dise\u00f1o NFPA-20<br \/>\nUL-448 listado<br \/>\nFM-1311 aprobado<br \/>\nDise\u00f1os especiales disponibles bajo pedido<\/p>\n","protected":false},"excerpt":{"rendered":"<p><a href=\"https:\/\/bonnettperu.net\/wp56\/wp-content\/uploads\/2022\/09\/Ficha-Tecnica-CP-1.pdf\" target=\"_blank\" rel=\"noopener\">Ficha T\u00e9cnica CP<\/a><\/p>\n<p>Las bombas contra incendio de caja dividida de RP se fabrican de acuerdo con las normas NFPA 20 y est\u00e1n listadas por Underwriters Laboratories (UL) y aprobadas por Factory Mutual (FM).<\/p>\n","protected":false},"featured_media":3755,"comment_status":"open","ping_status":"closed","template":"","meta":{"_uag_custom_page_level_css":"","site-sidebar-layout":"default","site-content-layout":"default","ast-global-header-display":"","ast-banner-title-visibility":"","ast-main-header-display":"","ast-hfb-above-header-display":"","ast-hfb-below-header-display":"","ast-hfb-mobile-header-display":"","site-post-title":"","ast-breadcrumbs-content":"","ast-featured-img":"","footer-sml-layout":"","theme-transparent-header-meta":"default","adv-header-id-meta":"","stick-header-meta":"","header-above-stick-meta":"","header-main-stick-meta":"","header-below-stick-meta":""},"product_cat":[41,833,853],"product_tag":[],"uagb_featured_image_src":{"full":["https:\/\/bonnettperu.net\/wp56\/wp-content\/uploads\/2022\/09\/cp-carcasapartida-ideal.jpg",744,526,false],"thumbnail":["https:\/\/bonnettperu.net\/wp56\/wp-content\/uploads\/2022\/09\/cp-carcasapartida-ideal-150x150.jpg",150,150,true],"medium":["https:\/\/bonnettperu.net\/wp56\/wp-content\/uploads\/2022\/09\/cp-carcasapartida-ideal-300x212.jpg",300,212,true],"medium_large":["https:\/\/bonnettperu.net\/wp56\/wp-content\/uploads\/2022\/09\/cp-carcasapartida-ideal.jpg",744,526,false],"large":["https:\/\/bonnettperu.net\/wp56\/wp-content\/uploads\/2022\/09\/cp-carcasapartida-ideal.jpg",744,526,false],"gswps_product_thumb":["https:\/\/bonnettperu.net\/wp56\/wp-content\/uploads\/2022\/09\/cp-carcasapartida-ideal-350x247.jpg",350,247,true],"1536x1536":["https:\/\/bonnettperu.net\/wp56\/wp-content\/uploads\/2022\/09\/cp-carcasapartida-ideal.jpg",744,526,false],"2048x2048":["https:\/\/bonnettperu.net\/wp56\/wp-content\/uploads\/2022\/09\/cp-carcasapartida-ideal.jpg",744,526,false],"woocommerce_thumbnail":["https:\/\/bonnettperu.net\/wp56\/wp-content\/uploads\/2022\/09\/cp-carcasapartida-ideal-300x300.jpg",300,300,true],"woocommerce_single":["https:\/\/bonnettperu.net\/wp56\/wp-content\/uploads\/2022\/09\/cp-carcasapartida-ideal-600x424.jpg",600,424,true],"woocommerce_gallery_thumbnail":["https:\/\/bonnettperu.net\/wp56\/wp-content\/uploads\/2022\/09\/cp-carcasapartida-ideal-100x100.jpg",100,100,true],"dgwt-wcas-product-suggestion":["https:\/\/bonnettperu.net\/wp56\/wp-content\/uploads\/2022\/09\/cp-carcasapartida-ideal.jpg",64,45,false]},"uagb_author_info":{"display_name":"admin","author_link":"https:\/\/bonnettperu.net\/wp56\/author\/"},"uagb_comment_info":0,"uagb_excerpt":"Ficha T\u00e9cnica CP Las bombas contra incendio de caja dividida de RP se fabrican de acuerdo con las normas NFPA 20 y est\u00e1n listadas por Underwriters Laboratories (UL) y aprobadas por Factory Mutual (FM).","_links":{"self":[{"href":"https:\/\/bonnettperu.net\/wp56\/wp-json\/wp\/v2\/product\/4535"}],"collection":[{"href":"https:\/\/bonnettperu.net\/wp56\/wp-json\/wp\/v2\/product"}],"about":[{"href":"https:\/\/bonnettperu.net\/wp56\/wp-json\/wp\/v2\/types\/product"}],"replies":[{"embeddable":true,"href":"https:\/\/bonnettperu.net\/wp56\/wp-json\/wp\/v2\/comments?post=4535"}],"wp:featuredmedia":[{"embeddable":true,"href":"https:\/\/bonnettperu.net\/wp56\/wp-json\/wp\/v2\/media\/3755"}],"wp:attachment":[{"href":"https:\/\/bonnettperu.net\/wp56\/wp-json\/wp\/v2\/media?parent=4535"}],"wp:term":[{"taxonomy":"product_cat","embeddable":true,"href":"https:\/\/bonnettperu.net\/wp56\/wp-json\/wp\/v2\/product_cat?post=4535"},{"taxonomy":"product_tag","embeddable":true,"href":"https:\/\/bonnettperu.net\/wp56\/wp-json\/wp\/v2\/product_tag?post=4535"}],"curies":[{"name":"wp","href":"https:\/\/api.w.org\/{rel}","templated":true}]}}