{"id":4491,"date":"2022-10-14T20:13:04","date_gmt":"2022-10-14T20:13:04","guid":{"rendered":"https:\/\/bonnettperu.net\/wp56\/?post_type=product&#038;p=4491"},"modified":"2024-11-29T17:57:37","modified_gmt":"2024-11-29T17:57:37","slug":"calentador-raypak-raytherm-p-926-57-926000-btu-exterior","status":"publish","type":"product","link":"https:\/\/bonnettperu.net\/wp56\/producto\/calentador-raypak-raytherm-p-926-57-926000-btu-exterior\/","title":{"rendered":"CALENTADOR RAYPAK RAYTHERM P-926-#57 926000 BTU EXTERIOR"},"content":{"rendered":"<p><strong>Caracter\u00edsticas:<\/strong><\/p>\n<ul>\n<li>1178 BTU EXTERIOR<\/li>\n<\/ul>\n<p><strong>Robusto<\/strong><br \/>\nTodos los cabezales de bronce resisten corrosi\u00f3n y son f\u00e1cilmente removibles para inspecci\u00f3n o servicio. Cabezales de hierro fundido con canales porcelanizados est\u00e1n disponibles.<\/p>\n<p><strong>Tubo con aletas de cupro-n\u00edquel<\/strong><\/p>\n<p>El banco de tubos del intercambiador de calor, de dise\u00f1o recto\u00a0entrega m\u00ednima ca\u00edda de presi\u00f3n. Las aletas integrales tienen\u00a0diez veces m\u00e1s superficie para transferencia de calor que los\u00a0tubos simples.\u00a0\u00a0Los tubos de cupron\u00edquel proporcionan una resistencia qu\u00edmica superior al cobre para instalaciones comerciales dif\u00edciles.<\/p>\n<p><strong>Operaci\u00f3n de encendido y apagado.<\/strong><\/p>\n<p><strong>Corrosi\u00f3n<\/strong><br \/>\nLos accesorios de acero son galvanizados y resistentes en\u00a0contra de la oxidaci\u00f3n. Los escudos de calor son de acero<br \/>\nresistente a la corrosi\u00f3n. El gabinete tiene un terminado de\u00a0pintura en polvo Polytuf.<\/p>\n<p><strong>Controles de 24 voltios<\/strong><br \/>\nEst\u00e1n completamente encerrados para protecci\u00f3n. La puerta\u00a0es f\u00e1cilmente removible para la inspecci\u00f3n y el servicio.<\/p>\n<p><strong>Cabezal de retorno de circulaci\u00f3n<\/strong><br \/>\nProtege al intercambiador de calor contra un choque t\u00e9rmico.<\/p>\n<p><strong>Construcci\u00f3n de placa tubular y empaque \u201co\u201d ring<\/strong><br \/>\nElimina los problemas de reparaci\u00f3n y mantenimiento asociados con la laminaci\u00f3n de los tubos directamente en una pieza fundida.<\/p>\n<p><strong>Acoplando con exactitud<\/strong><br \/>\nLos paneles refractarios con esquinas selladas reducen\u00a0p\u00e9rdidas por radiaci\u00f3n<\/p>\n<p><strong>Acero inoxidable<\/strong><br \/>\nLos quemadores mantienen combusti\u00f3n precisa en todos los \u00edndices de encendido, queman silenciosamente y no se<br \/>\nobstruir\u00e1n o se corroer\u00e1n<\/p>\n<p><strong>Bandeja de quemador deslizable hacia fuera<\/strong><br \/>\nPermite una f\u00e1cil inspecci\u00f3n y servicio.<\/p>\n<p><b>Ignici\u00f3n<\/b><strong>\u00a0del piloto por chispa<\/strong><br \/>\nEl m\u00e9todo de ignici\u00f3n disponible m\u00e1s confiable<\/p>\n<p><strong>Disponible para gas natural o propano.<\/strong><\/p>\n","protected":false},"excerpt":{"rendered":"<p><a href=\"https:\/\/grupobonnett.com\/wp-content\/uploads\/2022\/09\/Calentadores-de-Piscinas-Comerciales-2.pdf\">Ficha T\u00e9cnica CALENTADOR RAYPAK RAYTHERM P-1178<\/a><\/p>\n<p>En 1948, Raypak introdujo los primeros dise\u00f1os del tubo aletado de cobre para calentador hidr\u00f3nico y abastecimiento de agua caliente. Desde entonces, las calderas y los calentadores de agua Raypak consistentemente han guiado a la industria en el dise\u00f1o de innovaciones y mejoras de calidad. Casi 60 a\u00f1os m\u00e1s tarde y m\u00e1s de un mill\u00f3n de unidades instaladas, Raypak es todav\u00eda el l\u00edder indiscutible en calidad y fiabilidad. Por lo mismo m\u00e1s profesionales en calentamiento conf\u00edan en Raypak que en alg\u00fan otro fabricante.<\/p>\n<p><strong>Fiabilidad<\/strong><br \/>\nSimplicidad en el dise\u00f1o, materiales de calidad y una mano de obra\u00a0meticulosa le han hecho ganar a Raypak una reputaci\u00f3n s\u00f3lida en\u00a0fiabilidad. Mientras los otros afanosamente dise\u00f1an sus productos\u00a0fuera de presupuesto, Raypak ha continuado dise\u00f1ando basado en\u00a0la confiabilidad. Caracter\u00edsticas tales como intercambiadores de\u00a0calor a prueba de choques termales con cabezales de retorno de\u00a0circulaci\u00f3n, son un est\u00e1ndar. Los quemadores son hechos de una\u00a0aleaci\u00f3n propietaria de titanio y acero inoxidable, formulada para\u00a0resistir corrosi\u00f3n y deformaci\u00f3n. Todas las superficies de metal\u00a0son protegidas contra la oxidaci\u00f3n. Cada detalle es dise\u00f1ado para\u00a0prolongar la vida del producto. Cada detalle mejora la confiabilidad,\u00a0porque cada detalle tiene\u00a0importancia.<\/p>\n<p><strong>Bajos Costos de Operaci\u00f3n<\/strong><br \/>\nLas calderas atmosf\u00e9ricas Raytherm son las unidades de quemador no el\u00e9ctrico de mayor eficiencia energ\u00e9tica disponibles. Adem\u00e1s, su alta recuperaci\u00f3n y su dise\u00f1o de baja p\u00e9rdida en espera, pueden reducir sustancialmente los costos de combustible tanto como un 50% comparado con la baja\u00a0recuperaci\u00f3n del hierro fundido, el tubo\u00a0de acero y las calderas de tubo de\u00a0humo. Con una respuesta\u00a0casi instant\u00e1nea y\u00a0muy poco\u00a0contenido de agua, las calderas Raytherm se encienden s\u00f3lo cuando\u00a0es requerido para mantener el sistema en la temperatura, por\u00a0consiguiente eliminan las p\u00e9rdidas en espera y a trav\u00e9s de la cubierta.<\/p>\n<p><strong>Operaci\u00f3n Libre de Problemas<\/strong><br \/>\nLas calderas Raytherm son dise\u00f1adas para funcionar en silencio y\u00a0confiadamente a\u00f1o tras a\u00f1o; bajo condiciones de operaci\u00f3n donde\u00a0otras calderas no durar\u00edan doce meses. La alta velocidad de Flujo a\u00a0trav\u00e9s del intercambiador de calor crea una acci\u00f3n de fregado la cual\u00a0previene que hasta las peores condiciones de agua dura ensucien la\u00a0caldera con sarro. La caldera tiene una caja de control de uso rudo y\u00a0un gabinete a prueba de viento, lluvia y basura que mantienen fuera\u00a0a la madre naturaleza. Incluso el recubrimiento exterior, un acabado\u00a0de pintura en polvo Polytuf aplicado por medio electroest\u00e1tica y\u00a0horneado UV,\u00a0 fue\u00a0 espec\u00edficamente\u00a0seleccionado para proveer a\u00f1os\u00a0de durabilidad.<\/p>\n","protected":false},"featured_media":5487,"comment_status":"open","ping_status":"closed","template":"","meta":{"_uag_custom_page_level_css":"","site-sidebar-layout":"default","site-content-layout":"default","ast-global-header-display":"","ast-banner-title-visibility":"","ast-main-header-display":"","ast-hfb-above-header-display":"","ast-hfb-below-header-display":"","ast-hfb-mobile-header-display":"","site-post-title":"","ast-breadcrumbs-content":"","ast-featured-img":"","footer-sml-layout":"","theme-transparent-header-meta":"default","adv-header-id-meta":"","stick-header-meta":"","header-above-stick-meta":"","header-main-stick-meta":"","header-below-stick-meta":""},"product_cat":[856,834,40,827],"product_tag":[],"uagb_featured_image_src":{"full":["https:\/\/bonnettperu.net\/wp56\/wp-content\/uploads\/2023\/06\/Raypak-WEB-09.png",2501,2501,false],"thumbnail":["https:\/\/bonnettperu.net\/wp56\/wp-content\/uploads\/2023\/06\/Raypak-WEB-09-150x150.png",150,150,true],"medium":["https:\/\/bonnettperu.net\/wp56\/wp-content\/uploads\/2023\/06\/Raypak-WEB-09-300x300.png",300,300,true],"medium_large":["https:\/\/bonnettperu.net\/wp56\/wp-content\/uploads\/2023\/06\/Raypak-WEB-09-768x768.png",768,768,true],"large":["https:\/\/bonnettperu.net\/wp56\/wp-content\/uploads\/2023\/06\/Raypak-WEB-09-1024x1024.png",1024,1024,true],"gswps_product_thumb":["https:\/\/bonnettperu.net\/wp56\/wp-content\/uploads\/2023\/06\/Raypak-WEB-09-350x350.png",350,350,true],"1536x1536":["https:\/\/bonnettperu.net\/wp56\/wp-content\/uploads\/2023\/06\/Raypak-WEB-09-1536x1536.png",1536,1536,true],"2048x2048":["https:\/\/bonnettperu.net\/wp56\/wp-content\/uploads\/2023\/06\/Raypak-WEB-09-2048x2048.png",2048,2048,true],"woocommerce_thumbnail":["https:\/\/bonnettperu.net\/wp56\/wp-content\/uploads\/2023\/06\/Raypak-WEB-09-300x300.png",300,300,true],"woocommerce_single":["https:\/\/bonnettperu.net\/wp56\/wp-content\/uploads\/2023\/06\/Raypak-WEB-09-600x600.png",600,600,true],"woocommerce_gallery_thumbnail":["https:\/\/bonnettperu.net\/wp56\/wp-content\/uploads\/2023\/06\/Raypak-WEB-09-100x100.png",100,100,true],"dgwt-wcas-product-suggestion":["https:\/\/bonnettperu.net\/wp56\/wp-content\/uploads\/2023\/06\/Raypak-WEB-09-64x64.png",64,64,true]},"uagb_author_info":{"display_name":"admin","author_link":"https:\/\/bonnettperu.net\/wp56\/author\/"},"uagb_comment_info":1,"uagb_excerpt":"Ficha T\u00e9cnica CALENTADOR RAYPAK RAYTHERM P-1178 En 1948, Raypak introdujo los primeros dise\u00f1os del tubo aletado de cobre para calentador hidr\u00f3nico y abastecimiento de agua caliente. Desde entonces, las calderas y los calentadores de agua Raypak consistentemente han guiado a la industria en el dise\u00f1o de innovaciones y mejoras de calidad. Casi 60 a\u00f1os m\u00e1s&hellip;","_links":{"self":[{"href":"https:\/\/bonnettperu.net\/wp56\/wp-json\/wp\/v2\/product\/4491"}],"collection":[{"href":"https:\/\/bonnettperu.net\/wp56\/wp-json\/wp\/v2\/product"}],"about":[{"href":"https:\/\/bonnettperu.net\/wp56\/wp-json\/wp\/v2\/types\/product"}],"replies":[{"embeddable":true,"href":"https:\/\/bonnettperu.net\/wp56\/wp-json\/wp\/v2\/comments?post=4491"}],"wp:featuredmedia":[{"embeddable":true,"href":"https:\/\/bonnettperu.net\/wp56\/wp-json\/wp\/v2\/media\/5487"}],"wp:attachment":[{"href":"https:\/\/bonnettperu.net\/wp56\/wp-json\/wp\/v2\/media?parent=4491"}],"wp:term":[{"taxonomy":"product_cat","embeddable":true,"href":"https:\/\/bonnettperu.net\/wp56\/wp-json\/wp\/v2\/product_cat?post=4491"},{"taxonomy":"product_tag","embeddable":true,"href":"https:\/\/bonnettperu.net\/wp56\/wp-json\/wp\/v2\/product_tag?post=4491"}],"curies":[{"name":"wp","href":"https:\/\/api.w.org\/{rel}","templated":true}]}}