{"id":4477,"date":"2022-10-14T17:50:19","date_gmt":"2022-10-14T17:50:19","guid":{"rendered":"https:\/\/bonnettperu.net\/wp56\/?post_type=product&#038;p=4477"},"modified":"2022-11-14T17:43:01","modified_gmt":"2022-11-14T17:43:01","slug":"cartucho-de-repuesto-para-filtro-rtl-25s","status":"publish","type":"product","link":"https:\/\/bonnettperu.net\/wp56\/producto\/cartucho-de-repuesto-para-filtro-rtl-25s\/","title":{"rendered":"CARTUCHO DE REPUESTO PARA FILTRO RTL-25S"},"content":{"rendered":"<p><strong>Caracter\u00edsticas:<\/strong><\/p>\n<ul>\n<li>Medida: 13-1 \/ 4 pulgadas.<\/li>\n<li>Tambi\u00e9n se puede utilizar el cartucho FC-2375.<\/li>\n<li>Se adapta a los sistemas de filtrado de piscinas y spas Pentair Predator II Mini-Cellular Media y Dynamic Series IV DFM \/ DFML.<\/li>\n<li>Los elementos de poli\u00e9ster reforzado de alta calidad proporcionan un \u00e1rea de filtraci\u00f3n m\u00e1xima<\/li>\n<li>Las tapas de los extremos antimicrobianos resisten la degradaci\u00f3n del cloro y brindan soporte al material del filtro para una vida \u00fatil m\u00e1s larga.<\/li>\n<li>Empaquetado individualmente con el nombre Pentair.<\/li>\n<li>Pieza de repuesto genuina de Pentair.<\/li>\n<\/ul>\n","protected":false},"excerpt":{"rendered":"<p>Caracter\u00edsticas: Medida: 13-1 \/ 4 pulgadas. Tambi\u00e9n se puede utilizar el cartucho FC-2375. Se adapta a los sistemas de filtrado de piscinas y spas Pentair Predator II Mini-Cellular Media y Dynamic Series IV DFM \/ DFML. Los elementos de poli\u00e9ster reforzado de alta calidad proporcionan un \u00e1rea de filtraci\u00f3n m\u00e1xima Las tapas de los extremos &hellip;<\/p>\n<p class=\"read-more\"> <a class=\"\" href=\"https:\/\/bonnettperu.net\/wp56\/producto\/cartucho-de-repuesto-para-filtro-rtl-25s\/\"> <span class=\"screen-reader-text\">CARTUCHO DE REPUESTO PARA FILTRO RTL-25S<\/span> Leer m\u00e1s &raquo;<\/a><\/p>\n","protected":false},"featured_media":4479,"comment_status":"open","ping_status":"closed","template":"","meta":{"_uag_custom_page_level_css":"","site-sidebar-layout":"default","site-content-layout":"default","ast-global-header-display":"","ast-banner-title-visibility":"","ast-main-header-display":"","ast-hfb-above-header-display":"","ast-hfb-below-header-display":"","ast-hfb-mobile-header-display":"","site-post-title":"","ast-breadcrumbs-content":"","ast-featured-img":"","footer-sml-layout":"","theme-transparent-header-meta":"default","adv-header-id-meta":"","stick-header-meta":"","header-above-stick-meta":"","header-main-stick-meta":"","header-below-stick-meta":""},"product_cat":[859,42,834],"product_tag":[],"uagb_featured_image_src":{"full":["https:\/\/bonnettperu.net\/wp56\/wp-content\/uploads\/2022\/10\/cartucho-repuesto-para-filtroRTL1.png",222,493,false],"thumbnail":["https:\/\/bonnettperu.net\/wp56\/wp-content\/uploads\/2022\/10\/cartucho-repuesto-para-filtroRTL1-150x150.png",150,150,true],"medium":["https:\/\/bonnettperu.net\/wp56\/wp-content\/uploads\/2022\/10\/cartucho-repuesto-para-filtroRTL1-135x300.png",135,300,true],"medium_large":["https:\/\/bonnettperu.net\/wp56\/wp-content\/uploads\/2022\/10\/cartucho-repuesto-para-filtroRTL1.png",222,493,false],"large":["https:\/\/bonnettperu.net\/wp56\/wp-content\/uploads\/2022\/10\/cartucho-repuesto-para-filtroRTL1.png",222,493,false],"gswps_product_thumb":["https:\/\/bonnettperu.net\/wp56\/wp-content\/uploads\/2022\/10\/cartucho-repuesto-para-filtroRTL1.png",222,493,false],"1536x1536":["https:\/\/bonnettperu.net\/wp56\/wp-content\/uploads\/2022\/10\/cartucho-repuesto-para-filtroRTL1.png",222,493,false],"2048x2048":["https:\/\/bonnettperu.net\/wp56\/wp-content\/uploads\/2022\/10\/cartucho-repuesto-para-filtroRTL1.png",222,493,false],"woocommerce_thumbnail":["https:\/\/bonnettperu.net\/wp56\/wp-content\/uploads\/2022\/10\/cartucho-repuesto-para-filtroRTL1-222x300.png",222,300,true],"woocommerce_single":["https:\/\/bonnettperu.net\/wp56\/wp-content\/uploads\/2022\/10\/cartucho-repuesto-para-filtroRTL1.png",222,493,false],"woocommerce_gallery_thumbnail":["https:\/\/bonnettperu.net\/wp56\/wp-content\/uploads\/2022\/10\/cartucho-repuesto-para-filtroRTL1-100x100.png",100,100,true],"dgwt-wcas-product-suggestion":["https:\/\/bonnettperu.net\/wp56\/wp-content\/uploads\/2022\/10\/cartucho-repuesto-para-filtroRTL1.png",64,142,false]},"uagb_author_info":{"display_name":"admin","author_link":"https:\/\/bonnettperu.net\/wp56\/author\/"},"uagb_comment_info":0,"uagb_excerpt":"Caracter\u00edsticas: Medida: 13-1 \/ 4 pulgadas. Tambi\u00e9n se puede utilizar el cartucho FC-2375. Se adapta a los sistemas de filtrado de piscinas y spas Pentair Predator II Mini-Cellular Media y Dynamic Series IV DFM \/ DFML. Los elementos de poli\u00e9ster reforzado de alta calidad proporcionan un \u00e1rea de filtraci\u00f3n m\u00e1xima Las tapas de los extremos&hellip;","_links":{"self":[{"href":"https:\/\/bonnettperu.net\/wp56\/wp-json\/wp\/v2\/product\/4477"}],"collection":[{"href":"https:\/\/bonnettperu.net\/wp56\/wp-json\/wp\/v2\/product"}],"about":[{"href":"https:\/\/bonnettperu.net\/wp56\/wp-json\/wp\/v2\/types\/product"}],"replies":[{"embeddable":true,"href":"https:\/\/bonnettperu.net\/wp56\/wp-json\/wp\/v2\/comments?post=4477"}],"wp:featuredmedia":[{"embeddable":true,"href":"https:\/\/bonnettperu.net\/wp56\/wp-json\/wp\/v2\/media\/4479"}],"wp:attachment":[{"href":"https:\/\/bonnettperu.net\/wp56\/wp-json\/wp\/v2\/media?parent=4477"}],"wp:term":[{"taxonomy":"product_cat","embeddable":true,"href":"https:\/\/bonnettperu.net\/wp56\/wp-json\/wp\/v2\/product_cat?post=4477"},{"taxonomy":"product_tag","embeddable":true,"href":"https:\/\/bonnettperu.net\/wp56\/wp-json\/wp\/v2\/product_tag?post=4477"}],"curies":[{"name":"wp","href":"https:\/\/api.w.org\/{rel}","templated":true}]}}