{"id":4417,"date":"2022-10-14T01:48:18","date_gmt":"2022-10-14T01:48:18","guid":{"rendered":"https:\/\/bonnettperu.net\/wp56\/?post_type=product&#038;p=4417"},"modified":"2022-12-20T14:05:39","modified_gmt":"2022-12-20T14:05:39","slug":"4417","status":"publish","type":"product","link":"https:\/\/bonnettperu.net\/wp56\/producto\/4417\/","title":{"rendered":"BOQUILLA PENTAIR PARA CHORRO LAMINAR MagicStream"},"content":{"rendered":"<p><b>Caracter\u00edsticas<\/b><strong>:<\/strong><\/p>\n<ul>\n<li>La fuente de luz LED controlada por microprocesador tiene la capacidad de sincronizarse con la iluminaci\u00f3n LED para piscina IntelliBrite\u00ae 5g para espect\u00e1culos de luces de colores din\u00e1micos y sincronizados<\/li>\n<li>Proporciona 5 colores fijos brillantes, 7 espect\u00e1culos de luces deslumbrantes<\/li>\n<li>Los efectos de iluminaci\u00f3n nocturna incluyen la capacidad de mantener un color constante o desplazarse por una gama de colores disponibles.<\/li>\n<li>La instalaci\u00f3n se realiza al ras de su terraza u otra superficie;\u00a0sin bordes antiest\u00e9ticos o inseguros<\/li>\n<li>Las tapas de plataforma laminar est\u00e1n disponibles en bronceado, negro y gris.<\/li>\n<li>El principio t\u00e9cnico detr\u00e1s de MagicStream Laminars es eliminar todas las turbulencias y burbujas de aire del agua antes de proyectarlas a trav\u00e9s de una boquilla finamente maquinada.\u00a0El flujo de agua laminar es muy poco turbulento, por lo que mantiene su tensi\u00f3n superficial y fluye a trav\u00e9s del aire en una corriente uniforme, limpia e ininterrumpida, en lugar de rociarse en forma de gotas.<\/li>\n<li>Operaci\u00f3n de bajo voltaje de 12 VAC\/16W<\/li>\n<li>Los requisitos de flujo bajo permiten m\u00faltiples unidades por piscina<\/li>\n<li>El complemento perfecto para la iluminaci\u00f3n LED para piscinas IntelliBrite 5g para espect\u00e1culos de luces de colores din\u00e1micos y sincronizados<\/li>\n<\/ul>\n","protected":false},"excerpt":{"rendered":"<p><a href=\"https:\/\/bonnettperu.net\/wp56\/wp-content\/uploads\/2022\/10\/FICHA-TECNICA_BOQUILLA_PARA-CHORRO-LAMINAR-MagicStream.pdf\">FICHA TECNICA_BOQUILLA_PARA CHORRO LAMINAR MagicStream<\/a><\/p>\n<p>Los laminares MagicStream con 100 % de sincronizaci\u00f3n con las luces LED de color y blancas IntelliBrite 5g crean arcos claros y uniformes de agua en movimiento que se originan en la plataforma de la piscina o en el paisaje circundante.\u00a0Por la noche, estos chorros transl\u00facidos tienen colores brillantes y crean un efecto de agua que agrega entretenimiento elegante a su piscina.<\/p>\n","protected":false},"featured_media":4418,"comment_status":"open","ping_status":"closed","template":"","meta":{"_uag_custom_page_level_css":"","site-sidebar-layout":"default","site-content-layout":"default","ast-global-header-display":"","ast-banner-title-visibility":"","ast-main-header-display":"","ast-hfb-above-header-display":"","ast-hfb-below-header-display":"","ast-hfb-mobile-header-display":"","site-post-title":"","ast-breadcrumbs-content":"","ast-featured-img":"","footer-sml-layout":"","theme-transparent-header-meta":"default","adv-header-id-meta":"","stick-header-meta":"","header-above-stick-meta":"","header-main-stick-meta":"","header-below-stick-meta":""},"product_cat":[859,42],"product_tag":[],"uagb_featured_image_src":{"full":["https:\/\/bonnettperu.net\/wp56\/wp-content\/uploads\/2022\/10\/magicstreamlaminar-1.png",407,317,false],"thumbnail":["https:\/\/bonnettperu.net\/wp56\/wp-content\/uploads\/2022\/10\/magicstreamlaminar-1-150x150.png",150,150,true],"medium":["https:\/\/bonnettperu.net\/wp56\/wp-content\/uploads\/2022\/10\/magicstreamlaminar-1-300x234.png",300,234,true],"medium_large":["https:\/\/bonnettperu.net\/wp56\/wp-content\/uploads\/2022\/10\/magicstreamlaminar-1.png",407,317,false],"large":["https:\/\/bonnettperu.net\/wp56\/wp-content\/uploads\/2022\/10\/magicstreamlaminar-1.png",407,317,false],"gswps_product_thumb":["https:\/\/bonnettperu.net\/wp56\/wp-content\/uploads\/2022\/10\/magicstreamlaminar-1-350x273.png",350,273,true],"1536x1536":["https:\/\/bonnettperu.net\/wp56\/wp-content\/uploads\/2022\/10\/magicstreamlaminar-1.png",407,317,false],"2048x2048":["https:\/\/bonnettperu.net\/wp56\/wp-content\/uploads\/2022\/10\/magicstreamlaminar-1.png",407,317,false],"woocommerce_thumbnail":["https:\/\/bonnettperu.net\/wp56\/wp-content\/uploads\/2022\/10\/magicstreamlaminar-1-300x300.png",300,300,true],"woocommerce_single":["https:\/\/bonnettperu.net\/wp56\/wp-content\/uploads\/2022\/10\/magicstreamlaminar-1.png",407,317,false],"woocommerce_gallery_thumbnail":["https:\/\/bonnettperu.net\/wp56\/wp-content\/uploads\/2022\/10\/magicstreamlaminar-1-100x100.png",100,100,true],"dgwt-wcas-product-suggestion":["https:\/\/bonnettperu.net\/wp56\/wp-content\/uploads\/2022\/10\/magicstreamlaminar-1.png",64,50,false]},"uagb_author_info":{"display_name":"admin","author_link":"https:\/\/bonnettperu.net\/wp56\/author\/"},"uagb_comment_info":0,"uagb_excerpt":"FICHA TECNICA_BOQUILLA_PARA CHORRO LAMINAR MagicStream Los laminares MagicStream con 100 % de sincronizaci\u00f3n con las luces LED de color y blancas IntelliBrite 5g crean arcos claros y uniformes de agua en movimiento que se originan en la plataforma de la piscina o en el paisaje circundante.\u00a0Por la noche, estos chorros transl\u00facidos tienen colores brillantes y&hellip;","_links":{"self":[{"href":"https:\/\/bonnettperu.net\/wp56\/wp-json\/wp\/v2\/product\/4417"}],"collection":[{"href":"https:\/\/bonnettperu.net\/wp56\/wp-json\/wp\/v2\/product"}],"about":[{"href":"https:\/\/bonnettperu.net\/wp56\/wp-json\/wp\/v2\/types\/product"}],"replies":[{"embeddable":true,"href":"https:\/\/bonnettperu.net\/wp56\/wp-json\/wp\/v2\/comments?post=4417"}],"wp:featuredmedia":[{"embeddable":true,"href":"https:\/\/bonnettperu.net\/wp56\/wp-json\/wp\/v2\/media\/4418"}],"wp:attachment":[{"href":"https:\/\/bonnettperu.net\/wp56\/wp-json\/wp\/v2\/media?parent=4417"}],"wp:term":[{"taxonomy":"product_cat","embeddable":true,"href":"https:\/\/bonnettperu.net\/wp56\/wp-json\/wp\/v2\/product_cat?post=4417"},{"taxonomy":"product_tag","embeddable":true,"href":"https:\/\/bonnettperu.net\/wp56\/wp-json\/wp\/v2\/product_tag?post=4417"}],"curies":[{"name":"wp","href":"https:\/\/api.w.org\/{rel}","templated":true}]}}