{"id":4290,"date":"2022-10-11T16:22:48","date_gmt":"2022-10-11T16:22:48","guid":{"rendered":"https:\/\/bonnettperu.net\/wp56\/?post_type=product&#038;p=4290"},"modified":"2022-12-16T20:06:11","modified_gmt":"2022-12-16T20:06:11","slug":"electrobomba-pentair-modelo-superflo-de-3-4-hp","status":"publish","type":"product","link":"https:\/\/bonnettperu.net\/wp56\/producto\/electrobomba-pentair-modelo-superflo-de-3-4-hp\/","title":{"rendered":"ELECTROBOMBA PENTAIR MODELO SUPERFLO DE 3\/4 HP"},"content":{"rendered":"<p><strong>Caracter\u00edsticas:<\/strong><\/p>\n<ul>\n<li>Motor patentado Totally Enclosed Fan-Cooled (TEFC) de alta calidad disponible para una vida \u00fatil prolongada y sin preocupaciones.<\/li>\n<li>El dise\u00f1o mejorado y el flujo equilibrado permiten una mayor eficiencia y costos operativos reducidos.<\/li>\n<li>Dise\u00f1o mejorado que resiste instalaciones y condiciones exigentes.<\/li>\n<li>Deslizamiento interno de 1,5\u201d (deslizamiento externo de 2\u201d) y uni\u00f3n de plomer\u00eda de desconexi\u00f3n r\u00e1pida para un desmontaje m\u00e1s r\u00e1pido, lo que facilita el mantenimiento en verano.<\/li>\n<li>La tapa Cam and Ramp\u00a0<sup>TM<\/sup>\u00a0permite una f\u00e1cil inspecci\u00f3n y limpieza de la canasta del colador.<\/li>\n<li>Las bombas SuperFlo son un reemplazo directo de alto rendimiento para Hayward\u00ae Super Pump.<\/li>\n<\/ul>\n","protected":false},"excerpt":{"rendered":"<p><a href=\"https:\/\/bonnettperu.net\/wp56\/wp-content\/uploads\/2022\/09\/SuperFlo_High_Performance_Pump_Spanish_Brochure.pdf\">FICHA T\u00c9CNICA PENTAIR SUPERFLO<\/a><\/p>\n<p>Primeros y \u00fanicos modelos de bombas de una sola velocidad que usan motores NEMA Premium\u00ae Efficient para aplicaciones de piscinas.* Las nuevas y mejoradas bombas SuperFlo DOE est\u00e1n dise\u00f1adas para ayudar a ahorrar electricidad y optimizar la potencia hidr\u00e1ulica sin sacrificar el rendimiento.<\/p>\n","protected":false},"featured_media":4293,"comment_status":"open","ping_status":"closed","template":"","meta":{"_uag_custom_page_level_css":"","site-sidebar-layout":"default","site-content-layout":"default","ast-global-header-display":"","ast-banner-title-visibility":"","ast-main-header-display":"","ast-hfb-above-header-display":"","ast-hfb-below-header-display":"","ast-hfb-mobile-header-display":"","site-post-title":"","ast-breadcrumbs-content":"","ast-featured-img":"","footer-sml-layout":"","theme-transparent-header-meta":"default","adv-header-id-meta":"","stick-header-meta":"","header-above-stick-meta":"","header-main-stick-meta":"","header-below-stick-meta":""},"product_cat":[832,42],"product_tag":[],"uagb_featured_image_src":{"full":["https:\/\/bonnettperu.net\/wp56\/wp-content\/uploads\/2022\/10\/Electrobomba-SuperFlo.png",540,560,false],"thumbnail":["https:\/\/bonnettperu.net\/wp56\/wp-content\/uploads\/2022\/10\/Electrobomba-SuperFlo-150x150.png",150,150,true],"medium":["https:\/\/bonnettperu.net\/wp56\/wp-content\/uploads\/2022\/10\/Electrobomba-SuperFlo-289x300.png",289,300,true],"medium_large":["https:\/\/bonnettperu.net\/wp56\/wp-content\/uploads\/2022\/10\/Electrobomba-SuperFlo.png",540,560,false],"large":["https:\/\/bonnettperu.net\/wp56\/wp-content\/uploads\/2022\/10\/Electrobomba-SuperFlo.png",540,560,false],"gswps_product_thumb":["https:\/\/bonnettperu.net\/wp56\/wp-content\/uploads\/2022\/10\/Electrobomba-SuperFlo-350x363.png",350,363,true],"1536x1536":["https:\/\/bonnettperu.net\/wp56\/wp-content\/uploads\/2022\/10\/Electrobomba-SuperFlo.png",540,560,false],"2048x2048":["https:\/\/bonnettperu.net\/wp56\/wp-content\/uploads\/2022\/10\/Electrobomba-SuperFlo.png",540,560,false],"woocommerce_thumbnail":["https:\/\/bonnettperu.net\/wp56\/wp-content\/uploads\/2022\/10\/Electrobomba-SuperFlo-300x300.png",300,300,true],"woocommerce_single":["https:\/\/bonnettperu.net\/wp56\/wp-content\/uploads\/2022\/10\/Electrobomba-SuperFlo.png",540,560,false],"woocommerce_gallery_thumbnail":["https:\/\/bonnettperu.net\/wp56\/wp-content\/uploads\/2022\/10\/Electrobomba-SuperFlo-100x100.png",100,100,true],"dgwt-wcas-product-suggestion":["https:\/\/bonnettperu.net\/wp56\/wp-content\/uploads\/2022\/10\/Electrobomba-SuperFlo.png",64,66,false]},"uagb_author_info":{"display_name":"admin","author_link":"https:\/\/bonnettperu.net\/wp56\/author\/"},"uagb_comment_info":0,"uagb_excerpt":"FICHA T\u00c9CNICA PENTAIR SUPERFLO Primeros y \u00fanicos modelos de bombas de una sola velocidad que usan motores NEMA Premium\u00ae Efficient para aplicaciones de piscinas.* Las nuevas y mejoradas bombas SuperFlo DOE est\u00e1n dise\u00f1adas para ayudar a ahorrar electricidad y optimizar la potencia hidr\u00e1ulica sin sacrificar el rendimiento.","_links":{"self":[{"href":"https:\/\/bonnettperu.net\/wp56\/wp-json\/wp\/v2\/product\/4290"}],"collection":[{"href":"https:\/\/bonnettperu.net\/wp56\/wp-json\/wp\/v2\/product"}],"about":[{"href":"https:\/\/bonnettperu.net\/wp56\/wp-json\/wp\/v2\/types\/product"}],"replies":[{"embeddable":true,"href":"https:\/\/bonnettperu.net\/wp56\/wp-json\/wp\/v2\/comments?post=4290"}],"wp:featuredmedia":[{"embeddable":true,"href":"https:\/\/bonnettperu.net\/wp56\/wp-json\/wp\/v2\/media\/4293"}],"wp:attachment":[{"href":"https:\/\/bonnettperu.net\/wp56\/wp-json\/wp\/v2\/media?parent=4290"}],"wp:term":[{"taxonomy":"product_cat","embeddable":true,"href":"https:\/\/bonnettperu.net\/wp56\/wp-json\/wp\/v2\/product_cat?post=4290"},{"taxonomy":"product_tag","embeddable":true,"href":"https:\/\/bonnettperu.net\/wp56\/wp-json\/wp\/v2\/product_tag?post=4290"}],"curies":[{"name":"wp","href":"https:\/\/api.w.org\/{rel}","templated":true}]}}