{"id":3859,"date":"2022-10-06T02:25:06","date_gmt":"2022-10-06T02:25:06","guid":{"rendered":"https:\/\/bonnettperu.net\/wp56\/?post_type=product&#038;p=3859"},"modified":"2023-06-02T17:00:56","modified_gmt":"2023-06-02T17:00:56","slug":"pistola-marca-elaflex-para-uso-glp-1-modelo-zvg2-dish-5","status":"publish","type":"product","link":"https:\/\/bonnettperu.net\/wp56\/producto\/pistola-marca-elaflex-para-uso-glp-1-modelo-zvg2-dish-5\/","title":{"rendered":"PISTOLA PARA USO GLP &#8220;1&#8221; ELAFLEX ZVG2 DISH. 5"},"content":{"rendered":"<p>Caracter\u00edsticas:<\/p>\n<ul>\n<li>Medidas en 3\/4&#8243; y 1&#8243;.<\/li>\n<li>Acople italiano.<\/li>\n<li>Para conexi\u00f3n de veh\u00edculos seg\u00fan norma EN 12806<\/li>\n<li>Manejo con una sola mano.<\/li>\n<li>Peso: 1,2 kg<\/li>\n<li>Presi\u00f3n de gas: &lt; 1 cm3<\/li>\n<li>Presi\u00f3n de trabajo: 25 bar<\/li>\n<li>Caudal = 50 l\/min<\/li>\n<li>Presi\u00f3n de prueba = 40 bar<\/li>\n<li>Presi\u00f3n de Rotura &gt; 100 bar<\/li>\n<li>Temperatura -25\u00b0C &#8211; 70\u00b0C<\/li>\n<li>Modelo especial hasta -40\u00b0C (Tipo LT)<\/li>\n<\/ul>\n","protected":false},"excerpt":{"rendered":"<p>La pistola Elaflex ZVG es eficiente para la utilizaci\u00f3n de compuestos como el propano, butano y misturas.<\/p>\n","protected":false},"featured_media":5540,"comment_status":"open","ping_status":"closed","template":"","meta":{"_uag_custom_page_level_css":"","site-sidebar-layout":"default","site-content-layout":"default","ast-global-header-display":"","ast-banner-title-visibility":"","ast-main-header-display":"","ast-hfb-above-header-display":"","ast-hfb-below-header-display":"","ast-hfb-mobile-header-display":"","site-post-title":"","ast-breadcrumbs-content":"","ast-featured-img":"","footer-sml-layout":"","theme-transparent-header-meta":"default","adv-header-id-meta":"","stick-header-meta":"","header-above-stick-meta":"","header-main-stick-meta":"","header-below-stick-meta":""},"product_cat":[822,864,836,904],"product_tag":[],"uagb_featured_image_src":{"full":["https:\/\/bonnettperu.net\/wp56\/wp-content\/uploads\/2023\/06\/Plantilla-para-fotos-WEB-16.png",2500,2500,false],"thumbnail":["https:\/\/bonnettperu.net\/wp56\/wp-content\/uploads\/2023\/06\/Plantilla-para-fotos-WEB-16-150x150.png",150,150,true],"medium":["https:\/\/bonnettperu.net\/wp56\/wp-content\/uploads\/2023\/06\/Plantilla-para-fotos-WEB-16-300x300.png",300,300,true],"medium_large":["https:\/\/bonnettperu.net\/wp56\/wp-content\/uploads\/2023\/06\/Plantilla-para-fotos-WEB-16-768x768.png",768,768,true],"large":["https:\/\/bonnettperu.net\/wp56\/wp-content\/uploads\/2023\/06\/Plantilla-para-fotos-WEB-16-1024x1024.png",1024,1024,true],"gswps_product_thumb":["https:\/\/bonnettperu.net\/wp56\/wp-content\/uploads\/2023\/06\/Plantilla-para-fotos-WEB-16-350x350.png",350,350,true],"1536x1536":["https:\/\/bonnettperu.net\/wp56\/wp-content\/uploads\/2023\/06\/Plantilla-para-fotos-WEB-16-1536x1536.png",1536,1536,true],"2048x2048":["https:\/\/bonnettperu.net\/wp56\/wp-content\/uploads\/2023\/06\/Plantilla-para-fotos-WEB-16-2048x2048.png",2048,2048,true],"woocommerce_thumbnail":["https:\/\/bonnettperu.net\/wp56\/wp-content\/uploads\/2023\/06\/Plantilla-para-fotos-WEB-16-300x300.png",300,300,true],"woocommerce_single":["https:\/\/bonnettperu.net\/wp56\/wp-content\/uploads\/2023\/06\/Plantilla-para-fotos-WEB-16-600x600.png",600,600,true],"woocommerce_gallery_thumbnail":["https:\/\/bonnettperu.net\/wp56\/wp-content\/uploads\/2023\/06\/Plantilla-para-fotos-WEB-16-100x100.png",100,100,true],"dgwt-wcas-product-suggestion":["https:\/\/bonnettperu.net\/wp56\/wp-content\/uploads\/2023\/06\/Plantilla-para-fotos-WEB-16-64x64.png",64,64,true]},"uagb_author_info":{"display_name":"admin","author_link":"https:\/\/bonnettperu.net\/wp56\/author\/"},"uagb_comment_info":0,"uagb_excerpt":"La pistola Elaflex ZVG es eficiente para la utilizaci\u00f3n de compuestos como el propano, butano y misturas.","_links":{"self":[{"href":"https:\/\/bonnettperu.net\/wp56\/wp-json\/wp\/v2\/product\/3859"}],"collection":[{"href":"https:\/\/bonnettperu.net\/wp56\/wp-json\/wp\/v2\/product"}],"about":[{"href":"https:\/\/bonnettperu.net\/wp56\/wp-json\/wp\/v2\/types\/product"}],"replies":[{"embeddable":true,"href":"https:\/\/bonnettperu.net\/wp56\/wp-json\/wp\/v2\/comments?post=3859"}],"wp:featuredmedia":[{"embeddable":true,"href":"https:\/\/bonnettperu.net\/wp56\/wp-json\/wp\/v2\/media\/5540"}],"wp:attachment":[{"href":"https:\/\/bonnettperu.net\/wp56\/wp-json\/wp\/v2\/media?parent=3859"}],"wp:term":[{"taxonomy":"product_cat","embeddable":true,"href":"https:\/\/bonnettperu.net\/wp56\/wp-json\/wp\/v2\/product_cat?post=3859"},{"taxonomy":"product_tag","embeddable":true,"href":"https:\/\/bonnettperu.net\/wp56\/wp-json\/wp\/v2\/product_tag?post=3859"}],"curies":[{"name":"wp","href":"https:\/\/api.w.org\/{rel}","templated":true}]}}