{"id":3741,"date":"2022-10-05T19:54:49","date_gmt":"2022-10-05T19:54:49","guid":{"rendered":"https:\/\/bonnettperu.net\/wp56\/?post_type=product&#038;p=3741"},"modified":"2023-06-02T16:59:51","modified_gmt":"2023-06-02T16:59:51","slug":"f0057000a-medidor-cuentalitro-mecanico-k33-1-npt-atex-g-k-d","status":"publish","type":"product","link":"https:\/\/bonnettperu.net\/wp56\/producto\/f0057000a-medidor-cuentalitro-mecanico-k33-1-npt-atex-g-k-d\/","title":{"rendered":"MEDIDOR CUENTALITROS MEC\u00c1NICO K33-1&#8243; NPT ATEX-G-K-D"},"content":{"rendered":"<p>Caracter\u00edsticas:<\/p>\n<ul>\n<li>Presi\u00f3n de Estallido de 28 BAR<\/li>\n<li>Pantalla de 3 D\u00edgitos<\/li>\n<li>F\u00e1cil de Calibrar<\/li>\n<li>4 Direcciones de Caudal<\/li>\n<\/ul>\n","protected":false},"excerpt":{"rendered":"<p><a href=\"https:\/\/grupobonnett.com\/wp-content\/uploads\/2022\/10\/FICHA-TECNICA_K33-ATEX-PIUSI.pdf\">FICHA TECNICA_K33-ATEX-PIUSI<\/a><\/p>\n<p>El producto PIUSI K33 ATEX es un\u00a0medidor de flujo mec\u00e1nico adecuado para el control de di\u00e9sel, gasolina y keroseno. Para uso no comercial, la K33 ATEX cumple con los requisitos de ATEX para la medici\u00f3n precisa de la cantidad de gasolina, keroseno y di\u00e9sel dispensados en ambientes con alto riesgo de explosi\u00f3n.<\/p>\n<p>El medidor de flujo mec\u00e1nico PIUSI K33 ATEX tiene un indicador parcial de 3 d\u00edgitos<\/p>\n","protected":false},"featured_media":5530,"comment_status":"open","ping_status":"closed","template":"","meta":{"_uag_custom_page_level_css":"","site-sidebar-layout":"default","site-content-layout":"default","ast-global-header-display":"","ast-banner-title-visibility":"","ast-main-header-display":"","ast-hfb-above-header-display":"","ast-hfb-below-header-display":"","ast-hfb-mobile-header-display":"","site-post-title":"","ast-breadcrumbs-content":"","ast-featured-img":"","footer-sml-layout":"","theme-transparent-header-meta":"default","adv-header-id-meta":"","stick-header-meta":"","header-above-stick-meta":"","header-main-stick-meta":"","header-below-stick-meta":""},"product_cat":[836,868,50],"product_tag":[],"uagb_featured_image_src":{"full":["https:\/\/bonnettperu.net\/wp56\/wp-content\/uploads\/2023\/06\/PIUSI-WEB-13.png",2500,2501,false],"thumbnail":["https:\/\/bonnettperu.net\/wp56\/wp-content\/uploads\/2023\/06\/PIUSI-WEB-13-150x150.png",150,150,true],"medium":["https:\/\/bonnettperu.net\/wp56\/wp-content\/uploads\/2023\/06\/PIUSI-WEB-13-300x300.png",300,300,true],"medium_large":["https:\/\/bonnettperu.net\/wp56\/wp-content\/uploads\/2023\/06\/PIUSI-WEB-13-768x768.png",768,768,true],"large":["https:\/\/bonnettperu.net\/wp56\/wp-content\/uploads\/2023\/06\/PIUSI-WEB-13-1024x1024.png",1024,1024,true],"gswps_product_thumb":["https:\/\/bonnettperu.net\/wp56\/wp-content\/uploads\/2023\/06\/PIUSI-WEB-13-350x350.png",350,350,true],"1536x1536":["https:\/\/bonnettperu.net\/wp56\/wp-content\/uploads\/2023\/06\/PIUSI-WEB-13-1536x1536.png",1536,1536,true],"2048x2048":["https:\/\/bonnettperu.net\/wp56\/wp-content\/uploads\/2023\/06\/PIUSI-WEB-13-2048x2048.png",2048,2048,true],"woocommerce_thumbnail":["https:\/\/bonnettperu.net\/wp56\/wp-content\/uploads\/2023\/06\/PIUSI-WEB-13-300x300.png",300,300,true],"woocommerce_single":["https:\/\/bonnettperu.net\/wp56\/wp-content\/uploads\/2023\/06\/PIUSI-WEB-13-600x600.png",600,600,true],"woocommerce_gallery_thumbnail":["https:\/\/bonnettperu.net\/wp56\/wp-content\/uploads\/2023\/06\/PIUSI-WEB-13-100x100.png",100,100,true],"dgwt-wcas-product-suggestion":["https:\/\/bonnettperu.net\/wp56\/wp-content\/uploads\/2023\/06\/PIUSI-WEB-13-64x64.png",64,64,true]},"uagb_author_info":{"display_name":"admin","author_link":"https:\/\/bonnettperu.net\/wp56\/author\/"},"uagb_comment_info":0,"uagb_excerpt":"FICHA TECNICA_K33-ATEX-PIUSI El producto PIUSI K33 ATEX es un\u00a0medidor de flujo mec\u00e1nico adecuado para el control de di\u00e9sel, gasolina y keroseno. Para uso no comercial, la K33 ATEX cumple con los requisitos de ATEX para la medici\u00f3n precisa de la cantidad de gasolina, keroseno y di\u00e9sel dispensados en ambientes con alto riesgo de explosi\u00f3n. El&hellip;","_links":{"self":[{"href":"https:\/\/bonnettperu.net\/wp56\/wp-json\/wp\/v2\/product\/3741"}],"collection":[{"href":"https:\/\/bonnettperu.net\/wp56\/wp-json\/wp\/v2\/product"}],"about":[{"href":"https:\/\/bonnettperu.net\/wp56\/wp-json\/wp\/v2\/types\/product"}],"replies":[{"embeddable":true,"href":"https:\/\/bonnettperu.net\/wp56\/wp-json\/wp\/v2\/comments?post=3741"}],"wp:featuredmedia":[{"embeddable":true,"href":"https:\/\/bonnettperu.net\/wp56\/wp-json\/wp\/v2\/media\/5530"}],"wp:attachment":[{"href":"https:\/\/bonnettperu.net\/wp56\/wp-json\/wp\/v2\/media?parent=3741"}],"wp:term":[{"taxonomy":"product_cat","embeddable":true,"href":"https:\/\/bonnettperu.net\/wp56\/wp-json\/wp\/v2\/product_cat?post=3741"},{"taxonomy":"product_tag","embeddable":true,"href":"https:\/\/bonnettperu.net\/wp56\/wp-json\/wp\/v2\/product_tag?post=3741"}],"curies":[{"name":"wp","href":"https:\/\/api.w.org\/{rel}","templated":true}]}}