{"id":3059,"date":"2022-09-20T16:29:25","date_gmt":"2022-09-20T16:29:25","guid":{"rendered":"http:\/\/bonnettperu.net\/wp56\/?post_type=product&#038;p=3059"},"modified":"2022-12-20T16:31:45","modified_gmt":"2022-12-20T16:31:45","slug":"kit-deteccion-de-sal-y-estado-celula-para-clorador-evo","status":"publish","type":"product","link":"https:\/\/bonnettperu.net\/wp56\/producto\/kit-deteccion-de-sal-y-estado-celula-para-clorador-evo\/","title":{"rendered":"KIT DETECCI\u00d3N DE SAL Y ESTADO C\u00c9LULA PARA CLORADOR EVO BS POOL"},"content":{"rendered":"","protected":false},"excerpt":{"rendered":"<p><a href=\"https:\/\/bonnettperu.net\/wp56\/wp-content\/uploads\/2022\/09\/catalogo_2020-1-2.pdf\">FICHA T\u00c9CNICA BS POOL KIT<\/a><\/p>\n<p>A trav\u00e9s de este KIT podr\u00e1 determinar el nivel de sal en el agua, y podr\u00e1 conocer exactamente cuanta sal tiene que a\u00f1adir en caso de necesidad. Asimismo, este mismo KIT nos determina si la c\u00e9lula est\u00e1 sucia o<br \/>\nagotada.<\/p>\n<p>&nbsp;<\/p>\n","protected":false},"featured_media":3732,"comment_status":"open","ping_status":"closed","template":"","meta":{"_uag_custom_page_level_css":"","site-sidebar-layout":"default","site-content-layout":"default","ast-global-header-display":"","ast-banner-title-visibility":"","ast-main-header-display":"","ast-hfb-above-header-display":"","ast-hfb-below-header-display":"","ast-hfb-mobile-header-display":"","site-post-title":"","ast-breadcrumbs-content":"","ast-featured-img":"","footer-sml-layout":"","theme-transparent-header-meta":"default","adv-header-id-meta":"","stick-header-meta":"","header-above-stick-meta":"","header-main-stick-meta":"","header-below-stick-meta":""},"product_cat":[840,55,834],"product_tag":[],"uagb_featured_image_src":{"full":["https:\/\/bonnettperu.net\/wp56\/wp-content\/uploads\/2022\/09\/catalogo_2020-1-2-01.png",317,401,false],"thumbnail":["https:\/\/bonnettperu.net\/wp56\/wp-content\/uploads\/2022\/09\/catalogo_2020-1-2-01-150x150.png",150,150,true],"medium":["https:\/\/bonnettperu.net\/wp56\/wp-content\/uploads\/2022\/09\/catalogo_2020-1-2-01-237x300.png",237,300,true],"medium_large":["https:\/\/bonnettperu.net\/wp56\/wp-content\/uploads\/2022\/09\/catalogo_2020-1-2-01.png",317,401,false],"large":["https:\/\/bonnettperu.net\/wp56\/wp-content\/uploads\/2022\/09\/catalogo_2020-1-2-01.png",317,401,false],"gswps_product_thumb":["https:\/\/bonnettperu.net\/wp56\/wp-content\/uploads\/2022\/09\/catalogo_2020-1-2-01.png",317,401,false],"1536x1536":["https:\/\/bonnettperu.net\/wp56\/wp-content\/uploads\/2022\/09\/catalogo_2020-1-2-01.png",317,401,false],"2048x2048":["https:\/\/bonnettperu.net\/wp56\/wp-content\/uploads\/2022\/09\/catalogo_2020-1-2-01.png",317,401,false],"woocommerce_thumbnail":["https:\/\/bonnettperu.net\/wp56\/wp-content\/uploads\/2022\/09\/catalogo_2020-1-2-01-300x300.png",300,300,true],"woocommerce_single":["https:\/\/bonnettperu.net\/wp56\/wp-content\/uploads\/2022\/09\/catalogo_2020-1-2-01.png",317,401,false],"woocommerce_gallery_thumbnail":["https:\/\/bonnettperu.net\/wp56\/wp-content\/uploads\/2022\/09\/catalogo_2020-1-2-01-100x100.png",100,100,true],"dgwt-wcas-product-suggestion":["https:\/\/bonnettperu.net\/wp56\/wp-content\/uploads\/2022\/09\/catalogo_2020-1-2-01.png",64,81,false]},"uagb_author_info":{"display_name":"admin","author_link":"https:\/\/bonnettperu.net\/wp56\/author\/"},"uagb_comment_info":0,"uagb_excerpt":"FICHA T\u00c9CNICA BS POOL KIT A trav\u00e9s de este KIT podr\u00e1 determinar el nivel de sal en el agua, y podr\u00e1 conocer exactamente cuanta sal tiene que a\u00f1adir en caso de necesidad. Asimismo, este mismo KIT nos determina si la c\u00e9lula est\u00e1 sucia o agotada. &nbsp;","_links":{"self":[{"href":"https:\/\/bonnettperu.net\/wp56\/wp-json\/wp\/v2\/product\/3059"}],"collection":[{"href":"https:\/\/bonnettperu.net\/wp56\/wp-json\/wp\/v2\/product"}],"about":[{"href":"https:\/\/bonnettperu.net\/wp56\/wp-json\/wp\/v2\/types\/product"}],"replies":[{"embeddable":true,"href":"https:\/\/bonnettperu.net\/wp56\/wp-json\/wp\/v2\/comments?post=3059"}],"wp:featuredmedia":[{"embeddable":true,"href":"https:\/\/bonnettperu.net\/wp56\/wp-json\/wp\/v2\/media\/3732"}],"wp:attachment":[{"href":"https:\/\/bonnettperu.net\/wp56\/wp-json\/wp\/v2\/media?parent=3059"}],"wp:term":[{"taxonomy":"product_cat","embeddable":true,"href":"https:\/\/bonnettperu.net\/wp56\/wp-json\/wp\/v2\/product_cat?post=3059"},{"taxonomy":"product_tag","embeddable":true,"href":"https:\/\/bonnettperu.net\/wp56\/wp-json\/wp\/v2\/product_tag?post=3059"}],"curies":[{"name":"wp","href":"https:\/\/api.w.org\/{rel}","templated":true}]}}