{"id":2861,"date":"2022-09-16T17:02:28","date_gmt":"2022-09-16T17:02:28","guid":{"rendered":"http:\/\/bonnettperu.net\/wp56\/?post_type=product&#038;p=2861"},"modified":"2024-06-08T19:43:17","modified_gmt":"2024-06-08T19:43:17","slug":"electrobomba-sumergible-pedrollo-modelo-mc-30-50-3hp-60hz","status":"publish","type":"product","link":"https:\/\/bonnettperu.net\/wp56\/producto\/electrobomba-sumergible-pedrollo-modelo-mc-30-50-3hp-60hz\/","title":{"rendered":"ELECTROBOMBA SUMERGIBLE PEDROLLO MODELO MC 30\/50 3HP 60Hz"},"content":{"rendered":"<p>Caracter\u00edsticas:<\/p>\n<ul>\n<li>Monof\u00e1sica<\/li>\n<li>220V<\/li>\n<li>Con cuadro el\u00e9ctrico<\/li>\n<li>Gran robustez y alta resistencia a la abrasi\u00f3n y duraci\u00f3n en el tiempo.<\/li>\n<li>Equipadas con rodete tipo BICANAL<\/li>\n<li>Adecuadas para el drenaje de aguas con cuerpos s\u00f3lidos en suspensi\u00f3n con fibra corta, para el manejo de aguas de descarga y cloacales, aguas mixtas con fango, aguas fre\u00e1ticas y aguas de superficie para su uso en edificios, condominios, industrias, aparcamientos subterr\u00e1neos, zonas de lavado, etc.<\/li>\n<\/ul>\n","protected":false},"excerpt":{"rendered":"<p><a href=\"https:\/\/bonnettperu.net\/wp56\/wp-content\/uploads\/2022\/09\/PEDROLLO_MC-50-70_ES_60Hz-1.pdf\">Ficha_Tecnica_PEDROLLO_MC 50-70_ES_60Hz (1)<\/a><\/p>\n<p>La electrobomba sumergible MC est\u00e1 construida en hierro fundido con material consistente, adecuada para el manejo de aguas de descarga y cloacales, mixtas con fango.<\/p>\n","protected":false},"featured_media":3535,"comment_status":"open","ping_status":"closed","template":"","meta":{"_uag_custom_page_level_css":"","site-sidebar-layout":"default","site-content-layout":"default","ast-global-header-display":"","ast-banner-title-visibility":"","ast-main-header-display":"","ast-hfb-above-header-display":"","ast-hfb-below-header-display":"","ast-hfb-mobile-header-display":"","site-post-title":"","ast-breadcrumbs-content":"","ast-featured-img":"","footer-sml-layout":"","theme-transparent-header-meta":"default","adv-header-id-meta":"","stick-header-meta":"","header-above-stick-meta":"","header-main-stick-meta":"","header-below-stick-meta":""},"product_cat":[832,36,830,826,827,847],"product_tag":[],"uagb_featured_image_src":{"full":["https:\/\/bonnettperu.net\/wp56\/wp-content\/uploads\/2022\/09\/MC-Pedrollo-540x560-1.jpg",540,560,false],"thumbnail":["https:\/\/bonnettperu.net\/wp56\/wp-content\/uploads\/2022\/09\/MC-Pedrollo-540x560-1-150x150.jpg",150,150,true],"medium":["https:\/\/bonnettperu.net\/wp56\/wp-content\/uploads\/2022\/09\/MC-Pedrollo-540x560-1-289x300.jpg",289,300,true],"medium_large":["https:\/\/bonnettperu.net\/wp56\/wp-content\/uploads\/2022\/09\/MC-Pedrollo-540x560-1.jpg",540,560,false],"large":["https:\/\/bonnettperu.net\/wp56\/wp-content\/uploads\/2022\/09\/MC-Pedrollo-540x560-1.jpg",540,560,false],"gswps_product_thumb":["https:\/\/bonnettperu.net\/wp56\/wp-content\/uploads\/2022\/09\/MC-Pedrollo-540x560-1-350x363.jpg",350,363,true],"1536x1536":["https:\/\/bonnettperu.net\/wp56\/wp-content\/uploads\/2022\/09\/MC-Pedrollo-540x560-1.jpg",540,560,false],"2048x2048":["https:\/\/bonnettperu.net\/wp56\/wp-content\/uploads\/2022\/09\/MC-Pedrollo-540x560-1.jpg",540,560,false],"woocommerce_thumbnail":["https:\/\/bonnettperu.net\/wp56\/wp-content\/uploads\/2022\/09\/MC-Pedrollo-540x560-1-300x300.jpg",300,300,true],"woocommerce_single":["https:\/\/bonnettperu.net\/wp56\/wp-content\/uploads\/2022\/09\/MC-Pedrollo-540x560-1.jpg",540,560,false],"woocommerce_gallery_thumbnail":["https:\/\/bonnettperu.net\/wp56\/wp-content\/uploads\/2022\/09\/MC-Pedrollo-540x560-1-100x100.jpg",100,100,true],"dgwt-wcas-product-suggestion":["https:\/\/bonnettperu.net\/wp56\/wp-content\/uploads\/2022\/09\/MC-Pedrollo-540x560-1.jpg",64,66,false]},"uagb_author_info":{"display_name":"admin","author_link":"https:\/\/bonnettperu.net\/wp56\/author\/"},"uagb_comment_info":1,"uagb_excerpt":"Ficha_Tecnica_PEDROLLO_MC 50-70_ES_60Hz (1) La electrobomba sumergible MC est\u00e1 construida en hierro fundido con material consistente, adecuada para el manejo de aguas de descarga y cloacales, mixtas con fango.","_links":{"self":[{"href":"https:\/\/bonnettperu.net\/wp56\/wp-json\/wp\/v2\/product\/2861"}],"collection":[{"href":"https:\/\/bonnettperu.net\/wp56\/wp-json\/wp\/v2\/product"}],"about":[{"href":"https:\/\/bonnettperu.net\/wp56\/wp-json\/wp\/v2\/types\/product"}],"replies":[{"embeddable":true,"href":"https:\/\/bonnettperu.net\/wp56\/wp-json\/wp\/v2\/comments?post=2861"}],"wp:featuredmedia":[{"embeddable":true,"href":"https:\/\/bonnettperu.net\/wp56\/wp-json\/wp\/v2\/media\/3535"}],"wp:attachment":[{"href":"https:\/\/bonnettperu.net\/wp56\/wp-json\/wp\/v2\/media?parent=2861"}],"wp:term":[{"taxonomy":"product_cat","embeddable":true,"href":"https:\/\/bonnettperu.net\/wp56\/wp-json\/wp\/v2\/product_cat?post=2861"},{"taxonomy":"product_tag","embeddable":true,"href":"https:\/\/bonnettperu.net\/wp56\/wp-json\/wp\/v2\/product_tag?post=2861"}],"curies":[{"name":"wp","href":"https:\/\/api.w.org\/{rel}","templated":true}]}}