{"id":2768,"date":"2022-09-15T17:22:54","date_gmt":"2022-09-15T17:22:54","guid":{"rendered":"http:\/\/bonnettperu.net\/wp56\/?post_type=product&#038;p=2768"},"modified":"2022-11-12T13:12:04","modified_gmt":"2022-11-12T13:12:04","slug":"electrobombasumergible-pedrollo-modelo-4block-4-7-de-1-5-hp","status":"publish","type":"product","link":"https:\/\/bonnettperu.net\/wp56\/producto\/electrobombasumergible-pedrollo-modelo-4block-4-7-de-1-5-hp\/","title":{"rendered":"ELECTROBOMBA SUMERGIBLE PEDROLLO MODELO 4BLOCK 4\/7  DE 1.5 HP"},"content":{"rendered":"<p><strong>Caracter\u00edsticas:<\/strong><\/p>\n<ul>\n<li>220V\/60HZ<\/li>\n<li>20 metros<\/li>\n<li>Monof\u00e1sica<\/li>\n<li><span style=\"font-size: 16px;\">Caudal hasta 225 l\/min (13,5 m\u00b3\/h)<\/span><\/li>\n<li dir=\"auto\">Altura manom\u00e9trica hasta 124 m<\/li>\n<li dir=\"auto\">Funcionamiento en vertical y en horizontal<\/li>\n<li dir=\"auto\">Temperatura m\u00e1xima de fluido +35\u00b0C<\/li>\n<\/ul>\n","protected":false},"excerpt":{"rendered":"<p><a href=\"https:\/\/bonnettperu.net\/wp56\/wp-content\/uploads\/2022\/09\/4BLOCK.pdf\">FICHA TECNICA_4BLOCK<\/a><\/p>\n<p>Electrobomba sumergible Pedrollo de la serie 4Block, es la mejor alternativa para una f\u00e1cil instalaci\u00f3n, ahorro de espacio y es totalmente silenciosa, fabricada en acero inoxidable para una mayor resistencia a la corrosi\u00f3n.<\/p>\n<p>Utilizada en el sector residencial con un caudal hasta 150l\/min y aconsejada para el abastecimiento de pozos de agua limpia e incluso con presencia de arena.<\/p>\n","protected":false},"featured_media":3451,"comment_status":"open","ping_status":"closed","template":"","meta":{"_uag_custom_page_level_css":"","site-sidebar-layout":"default","site-content-layout":"default","ast-global-header-display":"","ast-banner-title-visibility":"","ast-main-header-display":"","ast-hfb-above-header-display":"","ast-hfb-below-header-display":"","ast-hfb-mobile-header-display":"","site-post-title":"","ast-breadcrumbs-content":"","ast-featured-img":"","footer-sml-layout":"","theme-transparent-header-meta":"default","adv-header-id-meta":"","stick-header-meta":"","header-above-stick-meta":"","header-main-stick-meta":"","header-below-stick-meta":""},"product_cat":[832,36,829,830,827,847],"product_tag":[],"uagb_featured_image_src":{"full":["https:\/\/bonnettperu.net\/wp56\/wp-content\/uploads\/2022\/09\/4BLOCK-foto.jpg",1631,2162,false],"thumbnail":["https:\/\/bonnettperu.net\/wp56\/wp-content\/uploads\/2022\/09\/4BLOCK-foto-150x150.jpg",150,150,true],"medium":["https:\/\/bonnettperu.net\/wp56\/wp-content\/uploads\/2022\/09\/4BLOCK-foto-226x300.jpg",226,300,true],"medium_large":["https:\/\/bonnettperu.net\/wp56\/wp-content\/uploads\/2022\/09\/4BLOCK-foto-768x1018.jpg",768,1018,true],"large":["https:\/\/bonnettperu.net\/wp56\/wp-content\/uploads\/2022\/09\/4BLOCK-foto-772x1024.jpg",772,1024,true],"gswps_product_thumb":["https:\/\/bonnettperu.net\/wp56\/wp-content\/uploads\/2022\/09\/4BLOCK-foto-350x464.jpg",350,464,true],"1536x1536":["https:\/\/bonnettperu.net\/wp56\/wp-content\/uploads\/2022\/09\/4BLOCK-foto-1159x1536.jpg",1159,1536,true],"2048x2048":["https:\/\/bonnettperu.net\/wp56\/wp-content\/uploads\/2022\/09\/4BLOCK-foto-1545x2048.jpg",1545,2048,true],"woocommerce_thumbnail":["https:\/\/bonnettperu.net\/wp56\/wp-content\/uploads\/2022\/09\/4BLOCK-foto-300x300.jpg",300,300,true],"woocommerce_single":["https:\/\/bonnettperu.net\/wp56\/wp-content\/uploads\/2022\/09\/4BLOCK-foto-600x795.jpg",600,795,true],"woocommerce_gallery_thumbnail":["https:\/\/bonnettperu.net\/wp56\/wp-content\/uploads\/2022\/09\/4BLOCK-foto-100x100.jpg",100,100,true],"dgwt-wcas-product-suggestion":["https:\/\/bonnettperu.net\/wp56\/wp-content\/uploads\/2022\/09\/4BLOCK-foto.jpg",64,85,false]},"uagb_author_info":{"display_name":"admin","author_link":"https:\/\/bonnettperu.net\/wp56\/author\/"},"uagb_comment_info":0,"uagb_excerpt":"FICHA TECNICA_4BLOCK Electrobomba sumergible Pedrollo de la serie 4Block, es la mejor alternativa para una f\u00e1cil instalaci\u00f3n, ahorro de espacio y es totalmente silenciosa, fabricada en acero inoxidable para una mayor resistencia a la corrosi\u00f3n. Utilizada en el sector residencial con un caudal hasta 150l\/min y aconsejada para el abastecimiento de pozos de agua limpia&hellip;","_links":{"self":[{"href":"https:\/\/bonnettperu.net\/wp56\/wp-json\/wp\/v2\/product\/2768"}],"collection":[{"href":"https:\/\/bonnettperu.net\/wp56\/wp-json\/wp\/v2\/product"}],"about":[{"href":"https:\/\/bonnettperu.net\/wp56\/wp-json\/wp\/v2\/types\/product"}],"replies":[{"embeddable":true,"href":"https:\/\/bonnettperu.net\/wp56\/wp-json\/wp\/v2\/comments?post=2768"}],"wp:featuredmedia":[{"embeddable":true,"href":"https:\/\/bonnettperu.net\/wp56\/wp-json\/wp\/v2\/media\/3451"}],"wp:attachment":[{"href":"https:\/\/bonnettperu.net\/wp56\/wp-json\/wp\/v2\/media?parent=2768"}],"wp:term":[{"taxonomy":"product_cat","embeddable":true,"href":"https:\/\/bonnettperu.net\/wp56\/wp-json\/wp\/v2\/product_cat?post=2768"},{"taxonomy":"product_tag","embeddable":true,"href":"https:\/\/bonnettperu.net\/wp56\/wp-json\/wp\/v2\/product_tag?post=2768"}],"curies":[{"name":"wp","href":"https:\/\/api.w.org\/{rel}","templated":true}]}}