{"id":2602,"date":"2022-09-14T16:28:51","date_gmt":"2022-09-14T16:28:51","guid":{"rendered":"http:\/\/bonnettperu.net\/wp56\/?post_type=product&#038;p=2602"},"modified":"2022-11-12T13:29:52","modified_gmt":"2022-11-12T13:29:52","slug":"electrobomba-multietapica-centrifuga-pedrollo-modelo-3cr-80","status":"publish","type":"product","link":"https:\/\/bonnettperu.net\/wp56\/producto\/electrobomba-multietapica-centrifuga-pedrollo-modelo-3cr-80\/","title":{"rendered":"ELECTROBOMBA MULTIET\u00c1PICA CENTR\u00cdFUGA PEDROLLO MODELO 3CR 80"},"content":{"rendered":"<p><strong>Caracter\u00edsticas:<\/strong><\/p>\n<ul>\n<li>Monof\u00e1sica<\/li>\n<li>0.60 h.p.<\/li>\n<li>220V\/60Hz<\/li>\n<li>Recomendadas para bombear agua limpia sin part\u00edculas abrasivas y l\u00edquidos qu\u00edmicamente no agresivos con los materiales que constituyen la bomba.<\/li>\n<li>Por su confiabilidad y silenciosidad se utilizan en el sector residencial, espec\u00edficamente para la distribuci\u00f3n del agua acopladas a peque\u00f1os o medianos tanques de presurizaci\u00f3n, para la irrigaci\u00f3n de huertos o jardines, etc.<\/li>\n<\/ul>\n","protected":false},"excerpt":{"rendered":"<p><a href=\"https:\/\/bonnettperu.net\/wp56\/wp-content\/uploads\/2022\/09\/PEDROLLO_2-5CR_ES_60Hz-1.pdf\">FICHA TECNICA_PEDROLLO_2-5CR_ES_60Hz (1)<\/a><\/p>\n<p>La electrobomba multiet\u00e1pica 3CR tiene un nuevo dise\u00f1o hidr\u00e1ulico m\u00e1s confiable, cuenta con un mejor rendimiento, es m\u00e1s silenciosa y utiliza un bajo consumo de energ\u00eda.<\/p>\n","protected":false},"featured_media":3464,"comment_status":"open","ping_status":"closed","template":"","meta":{"_uag_custom_page_level_css":"","site-sidebar-layout":"default","site-content-layout":"default","ast-global-header-display":"","ast-banner-title-visibility":"","ast-main-header-display":"","ast-hfb-above-header-display":"","ast-hfb-below-header-display":"","ast-hfb-mobile-header-display":"","site-post-title":"","ast-breadcrumbs-content":"","ast-featured-img":"","footer-sml-layout":"","theme-transparent-header-meta":"default","adv-header-id-meta":"","stick-header-meta":"","header-above-stick-meta":"","header-main-stick-meta":"","header-below-stick-meta":""},"product_cat":[842,832,36,830,827],"product_tag":[],"uagb_featured_image_src":{"full":["https:\/\/bonnettperu.net\/wp56\/wp-content\/uploads\/2022\/09\/2-5CR-foto-scaled.jpg",2560,1707,false],"thumbnail":["https:\/\/bonnettperu.net\/wp56\/wp-content\/uploads\/2022\/09\/2-5CR-foto-150x150.jpg",150,150,true],"medium":["https:\/\/bonnettperu.net\/wp56\/wp-content\/uploads\/2022\/09\/2-5CR-foto-300x200.jpg",300,200,true],"medium_large":["https:\/\/bonnettperu.net\/wp56\/wp-content\/uploads\/2022\/09\/2-5CR-foto-768x512.jpg",768,512,true],"large":["https:\/\/bonnettperu.net\/wp56\/wp-content\/uploads\/2022\/09\/2-5CR-foto-1024x683.jpg",1024,683,true],"gswps_product_thumb":["https:\/\/bonnettperu.net\/wp56\/wp-content\/uploads\/2022\/09\/2-5CR-foto-350x233.jpg",350,233,true],"1536x1536":["https:\/\/bonnettperu.net\/wp56\/wp-content\/uploads\/2022\/09\/2-5CR-foto-1536x1024.jpg",1536,1024,true],"2048x2048":["https:\/\/bonnettperu.net\/wp56\/wp-content\/uploads\/2022\/09\/2-5CR-foto-2048x1366.jpg",2048,1366,true],"woocommerce_thumbnail":["https:\/\/bonnettperu.net\/wp56\/wp-content\/uploads\/2022\/09\/2-5CR-foto-300x300.jpg",300,300,true],"woocommerce_single":["https:\/\/bonnettperu.net\/wp56\/wp-content\/uploads\/2022\/09\/2-5CR-foto-600x400.jpg",600,400,true],"woocommerce_gallery_thumbnail":["https:\/\/bonnettperu.net\/wp56\/wp-content\/uploads\/2022\/09\/2-5CR-foto-100x100.jpg",100,100,true],"dgwt-wcas-product-suggestion":["https:\/\/bonnettperu.net\/wp56\/wp-content\/uploads\/2022\/09\/2-5CR-foto-scaled.jpg",64,43,false]},"uagb_author_info":{"display_name":"admin","author_link":"https:\/\/bonnettperu.net\/wp56\/author\/"},"uagb_comment_info":0,"uagb_excerpt":"FICHA TECNICA_PEDROLLO_2-5CR_ES_60Hz (1) La electrobomba multiet\u00e1pica 3CR tiene un nuevo dise\u00f1o hidr\u00e1ulico m\u00e1s confiable, cuenta con un mejor rendimiento, es m\u00e1s silenciosa y utiliza un bajo consumo de energ\u00eda.","_links":{"self":[{"href":"https:\/\/bonnettperu.net\/wp56\/wp-json\/wp\/v2\/product\/2602"}],"collection":[{"href":"https:\/\/bonnettperu.net\/wp56\/wp-json\/wp\/v2\/product"}],"about":[{"href":"https:\/\/bonnettperu.net\/wp56\/wp-json\/wp\/v2\/types\/product"}],"replies":[{"embeddable":true,"href":"https:\/\/bonnettperu.net\/wp56\/wp-json\/wp\/v2\/comments?post=2602"}],"wp:featuredmedia":[{"embeddable":true,"href":"https:\/\/bonnettperu.net\/wp56\/wp-json\/wp\/v2\/media\/3464"}],"wp:attachment":[{"href":"https:\/\/bonnettperu.net\/wp56\/wp-json\/wp\/v2\/media?parent=2602"}],"wp:term":[{"taxonomy":"product_cat","embeddable":true,"href":"https:\/\/bonnettperu.net\/wp56\/wp-json\/wp\/v2\/product_cat?post=2602"},{"taxonomy":"product_tag","embeddable":true,"href":"https:\/\/bonnettperu.net\/wp56\/wp-json\/wp\/v2\/product_tag?post=2602"}],"curies":[{"name":"wp","href":"https:\/\/api.w.org\/{rel}","templated":true}]}}