{"id":2587,"date":"2022-09-14T03:04:40","date_gmt":"2022-09-14T03:04:40","guid":{"rendered":"http:\/\/bonnettperu.net\/wp56\/?post_type=product&#038;p=2587"},"modified":"2022-12-16T20:41:23","modified_gmt":"2022-12-16T20:41:23","slug":"clorinador-automatico-en-linea-marca-pentair-hc-3330-r171230","status":"publish","type":"product","link":"https:\/\/bonnettperu.net\/wp56\/producto\/clorinador-automatico-en-linea-marca-pentair-hc-3330-r171230\/","title":{"rendered":"CLORINADOR AUTOM\u00c1TICO FUERA DE L\u00cdNEA PENTAIR HC-3330"},"content":{"rendered":"<p><strong>Caracter\u00edsticas:<\/strong><\/p>\n<ul>\n<li>Filtros de las series 300 y 320 disponibles en \u00e1mbar transparente para monitorear f\u00e1cilmente el nivel de la tableta<\/li>\n<li>Sistema completamente cerrado: no se requiere ventilaci\u00f3n especial<\/li>\n<li>Presi\u00f3n m\u00e1xima de operaci\u00f3n de 50 PSI<\/li>\n<li>Sin escapes de gases<\/li>\n<\/ul>\n","protected":false},"excerpt":{"rendered":"<p><a href=\"https:\/\/bonnettperu.net\/wp56\/wp-content\/uploads\/2022\/09\/Ficha-Tecnica_Clorinador_Rainbow_Pentair.pdf\">Ficha T\u00e9cnica_Clorinador_Rainbow_Pentair<\/a><\/p>\n<p>Estos alimentadores de alta capacidad y servicio pesado brindan desinfecci\u00f3n autom\u00e1tica para piscinas residenciales o comerciales de hasta 658,500 galones.\u00a0Todos los tama\u00f1os funcionan de manera efectiva y eficiente con tabletas de tricloro o bromo de disoluci\u00f3n lenta.<\/p>\n","protected":false},"featured_media":4005,"comment_status":"open","ping_status":"closed","template":"","meta":{"_uag_custom_page_level_css":"","site-sidebar-layout":"default","site-content-layout":"default","ast-global-header-display":"","ast-banner-title-visibility":"","ast-main-header-display":"","ast-hfb-above-header-display":"","ast-hfb-below-header-display":"","ast-hfb-mobile-header-display":"","site-post-title":"","ast-breadcrumbs-content":"","ast-featured-img":"","footer-sml-layout":"","theme-transparent-header-meta":"default","adv-header-id-meta":"","stick-header-meta":"","header-above-stick-meta":"","header-main-stick-meta":"","header-below-stick-meta":""},"product_cat":[42,857],"product_tag":[],"uagb_featured_image_src":{"full":["https:\/\/bonnettperu.net\/wp56\/wp-content\/uploads\/2022\/09\/CLORINADOR-AUTOMATICO-FUERA-DE-LINEA-PENTAIR-RAINBOW-HC-3340-R171240.jpg",675,629,false],"thumbnail":["https:\/\/bonnettperu.net\/wp56\/wp-content\/uploads\/2022\/09\/CLORINADOR-AUTOMATICO-FUERA-DE-LINEA-PENTAIR-RAINBOW-HC-3340-R171240-150x150.jpg",150,150,true],"medium":["https:\/\/bonnettperu.net\/wp56\/wp-content\/uploads\/2022\/09\/CLORINADOR-AUTOMATICO-FUERA-DE-LINEA-PENTAIR-RAINBOW-HC-3340-R171240-300x280.jpg",300,280,true],"medium_large":["https:\/\/bonnettperu.net\/wp56\/wp-content\/uploads\/2022\/09\/CLORINADOR-AUTOMATICO-FUERA-DE-LINEA-PENTAIR-RAINBOW-HC-3340-R171240.jpg",675,629,false],"large":["https:\/\/bonnettperu.net\/wp56\/wp-content\/uploads\/2022\/09\/CLORINADOR-AUTOMATICO-FUERA-DE-LINEA-PENTAIR-RAINBOW-HC-3340-R171240.jpg",675,629,false],"gswps_product_thumb":["https:\/\/bonnettperu.net\/wp56\/wp-content\/uploads\/2022\/09\/CLORINADOR-AUTOMATICO-FUERA-DE-LINEA-PENTAIR-RAINBOW-HC-3340-R171240-350x326.jpg",350,326,true],"1536x1536":["https:\/\/bonnettperu.net\/wp56\/wp-content\/uploads\/2022\/09\/CLORINADOR-AUTOMATICO-FUERA-DE-LINEA-PENTAIR-RAINBOW-HC-3340-R171240.jpg",675,629,false],"2048x2048":["https:\/\/bonnettperu.net\/wp56\/wp-content\/uploads\/2022\/09\/CLORINADOR-AUTOMATICO-FUERA-DE-LINEA-PENTAIR-RAINBOW-HC-3340-R171240.jpg",675,629,false],"woocommerce_thumbnail":["https:\/\/bonnettperu.net\/wp56\/wp-content\/uploads\/2022\/09\/CLORINADOR-AUTOMATICO-FUERA-DE-LINEA-PENTAIR-RAINBOW-HC-3340-R171240-300x300.jpg",300,300,true],"woocommerce_single":["https:\/\/bonnettperu.net\/wp56\/wp-content\/uploads\/2022\/09\/CLORINADOR-AUTOMATICO-FUERA-DE-LINEA-PENTAIR-RAINBOW-HC-3340-R171240-600x559.jpg",600,559,true],"woocommerce_gallery_thumbnail":["https:\/\/bonnettperu.net\/wp56\/wp-content\/uploads\/2022\/09\/CLORINADOR-AUTOMATICO-FUERA-DE-LINEA-PENTAIR-RAINBOW-HC-3340-R171240-100x100.jpg",100,100,true],"dgwt-wcas-product-suggestion":["https:\/\/bonnettperu.net\/wp56\/wp-content\/uploads\/2022\/09\/CLORINADOR-AUTOMATICO-FUERA-DE-LINEA-PENTAIR-RAINBOW-HC-3340-R171240.jpg",64,60,false]},"uagb_author_info":{"display_name":"admin","author_link":"https:\/\/bonnettperu.net\/wp56\/author\/"},"uagb_comment_info":0,"uagb_excerpt":"Ficha T\u00e9cnica_Clorinador_Rainbow_Pentair Estos alimentadores de alta capacidad y servicio pesado brindan desinfecci\u00f3n autom\u00e1tica para piscinas residenciales o comerciales de hasta 658,500 galones.\u00a0Todos los tama\u00f1os funcionan de manera efectiva y eficiente con tabletas de tricloro o bromo de disoluci\u00f3n lenta.","_links":{"self":[{"href":"https:\/\/bonnettperu.net\/wp56\/wp-json\/wp\/v2\/product\/2587"}],"collection":[{"href":"https:\/\/bonnettperu.net\/wp56\/wp-json\/wp\/v2\/product"}],"about":[{"href":"https:\/\/bonnettperu.net\/wp56\/wp-json\/wp\/v2\/types\/product"}],"replies":[{"embeddable":true,"href":"https:\/\/bonnettperu.net\/wp56\/wp-json\/wp\/v2\/comments?post=2587"}],"wp:featuredmedia":[{"embeddable":true,"href":"https:\/\/bonnettperu.net\/wp56\/wp-json\/wp\/v2\/media\/4005"}],"wp:attachment":[{"href":"https:\/\/bonnettperu.net\/wp56\/wp-json\/wp\/v2\/media?parent=2587"}],"wp:term":[{"taxonomy":"product_cat","embeddable":true,"href":"https:\/\/bonnettperu.net\/wp56\/wp-json\/wp\/v2\/product_cat?post=2587"},{"taxonomy":"product_tag","embeddable":true,"href":"https:\/\/bonnettperu.net\/wp56\/wp-json\/wp\/v2\/product_tag?post=2587"}],"curies":[{"name":"wp","href":"https:\/\/api.w.org\/{rel}","templated":true}]}}