{"id":2535,"date":"2022-09-13T17:01:11","date_gmt":"2022-09-13T17:01:11","guid":{"rendered":"http:\/\/bonnettperu.net\/wp56\/?post_type=product&#038;p=2535"},"modified":"2022-12-26T16:26:54","modified_gmt":"2022-12-26T16:26:54","slug":"regulador-de-presion-pedrollo-modelo-presflo-multi-230v-2-bar","status":"publish","type":"product","link":"https:\/\/bonnettperu.net\/wp56\/producto\/regulador-de-presion-pedrollo-modelo-presflo-multi-230v-2-bar\/","title":{"rendered":"REGULADOR DE PRESI\u00d3N PEDROLLO MODELO PRESFLO MULTI 230V. 2 BAR"},"content":{"rendered":"<p><strong>Caracter\u00edsticas:<\/strong><\/p>\n<ul>\n<li class=\"product-feature\">Tipo: Agua Limpia<\/li>\n<li class=\"product-feature\">Aplicaciones: residencial<\/li>\n<li class=\"product-feature\">Usos:\u00a0irrigaci\u00f3n, abastecimiento de agua, sistemas de presi\u00f3n<\/li>\n<li class=\"product-feature\">Tipolog\u00eda:\u00a0accesorios<\/li>\n<li class=\"product-feature\">Familia: easysmall &#8211; easypress &#8211; presflo multi<\/li>\n<\/ul>\n<div class=\"features-container\">\n<p class=\"product-feature\"><strong>L\u00edmites de empleo:<\/strong><\/p>\n<ul>\n<li class=\"product-feature\"><span style=\"font-size: 16px;\">Temperatura del l\u00edquido hasta +55 \u00b0C<\/span><\/li>\n<li class=\"product-feature\"><span class=\"feature-description\">Temperatura ambiente hasta +40 \u00b0C<\/span><\/li>\n<li class=\"product-feature\">Presi\u00f3n de explosi\u00f3n 24 bar<\/li>\n<li class=\"product-feature\">Protecci\u00f3n: IP 65<\/li>\n<\/ul>\n<\/div>\n","protected":false},"excerpt":{"rendered":"<p><a href=\"https:\/\/bonnettperu.net\/wp56\/wp-content\/uploads\/2022\/09\/PEDROLLO_PRESFLO-MULTI_ES_60Hz-1.pdf\">FICHA T\u00c9CNICA_PEDROLLO_PRESFLO MULTI_ES_60Hz<\/a><\/p>\n<p>PRESFLO MULTI contiene un tanque presurizado de capacidad de 2 litros. Su volumen de acumulaci\u00f3n importante y la capacidad de absorber sobrepresiones, t\u00edpicas de los vasos presurizados, permiten su uso tambi\u00e9n para instalaciones donde los dem\u00e1s presoflusostatos podr\u00edan resultar no aptos. Para garantizar \u00f3ptimas prestaciones de protecci\u00f3n y de acumulo, la presi\u00f3n del tanque, precargado a 2 bar, puede ser f\u00e1cilmente modificada en funci\u00f3n de la presi\u00f3n de arranque seleccionada.<\/p>\n","protected":false},"featured_media":3538,"comment_status":"open","ping_status":"closed","template":"","meta":{"_uag_custom_page_level_css":"","site-sidebar-layout":"default","site-content-layout":"default","ast-global-header-display":"","ast-banner-title-visibility":"","ast-main-header-display":"","ast-hfb-above-header-display":"","ast-hfb-below-header-display":"","ast-hfb-mobile-header-display":"","site-post-title":"","ast-breadcrumbs-content":"","ast-featured-img":"","footer-sml-layout":"","theme-transparent-header-meta":"default","adv-header-id-meta":"","stick-header-meta":"","header-above-stick-meta":"","header-main-stick-meta":"","header-below-stick-meta":""},"product_cat":[859,36,827],"product_tag":[],"uagb_featured_image_src":{"full":["https:\/\/bonnettperu.net\/wp56\/wp-content\/uploads\/2022\/09\/PRESFLO-MULTI.jpg",525,470,false],"thumbnail":["https:\/\/bonnettperu.net\/wp56\/wp-content\/uploads\/2022\/09\/PRESFLO-MULTI-150x150.jpg",150,150,true],"medium":["https:\/\/bonnettperu.net\/wp56\/wp-content\/uploads\/2022\/09\/PRESFLO-MULTI-300x269.jpg",300,269,true],"medium_large":["https:\/\/bonnettperu.net\/wp56\/wp-content\/uploads\/2022\/09\/PRESFLO-MULTI.jpg",525,470,false],"large":["https:\/\/bonnettperu.net\/wp56\/wp-content\/uploads\/2022\/09\/PRESFLO-MULTI.jpg",525,470,false],"gswps_product_thumb":["https:\/\/bonnettperu.net\/wp56\/wp-content\/uploads\/2022\/09\/PRESFLO-MULTI-350x313.jpg",350,313,true],"1536x1536":["https:\/\/bonnettperu.net\/wp56\/wp-content\/uploads\/2022\/09\/PRESFLO-MULTI.jpg",525,470,false],"2048x2048":["https:\/\/bonnettperu.net\/wp56\/wp-content\/uploads\/2022\/09\/PRESFLO-MULTI.jpg",525,470,false],"woocommerce_thumbnail":["https:\/\/bonnettperu.net\/wp56\/wp-content\/uploads\/2022\/09\/PRESFLO-MULTI-300x300.jpg",300,300,true],"woocommerce_single":["https:\/\/bonnettperu.net\/wp56\/wp-content\/uploads\/2022\/09\/PRESFLO-MULTI.jpg",525,470,false],"woocommerce_gallery_thumbnail":["https:\/\/bonnettperu.net\/wp56\/wp-content\/uploads\/2022\/09\/PRESFLO-MULTI-100x100.jpg",100,100,true],"dgwt-wcas-product-suggestion":["https:\/\/bonnettperu.net\/wp56\/wp-content\/uploads\/2022\/09\/PRESFLO-MULTI.jpg",64,57,false]},"uagb_author_info":{"display_name":"admin","author_link":"https:\/\/bonnettperu.net\/wp56\/author\/"},"uagb_comment_info":0,"uagb_excerpt":"FICHA T\u00c9CNICA_PEDROLLO_PRESFLO MULTI_ES_60Hz PRESFLO MULTI contiene un tanque presurizado de capacidad de 2 litros. Su volumen de acumulaci\u00f3n importante y la capacidad de absorber sobrepresiones, t\u00edpicas de los vasos presurizados, permiten su uso tambi\u00e9n para instalaciones donde los dem\u00e1s presoflusostatos podr\u00edan resultar no aptos. Para garantizar \u00f3ptimas prestaciones de protecci\u00f3n y de acumulo, la presi\u00f3n&hellip;","_links":{"self":[{"href":"https:\/\/bonnettperu.net\/wp56\/wp-json\/wp\/v2\/product\/2535"}],"collection":[{"href":"https:\/\/bonnettperu.net\/wp56\/wp-json\/wp\/v2\/product"}],"about":[{"href":"https:\/\/bonnettperu.net\/wp56\/wp-json\/wp\/v2\/types\/product"}],"replies":[{"embeddable":true,"href":"https:\/\/bonnettperu.net\/wp56\/wp-json\/wp\/v2\/comments?post=2535"}],"wp:featuredmedia":[{"embeddable":true,"href":"https:\/\/bonnettperu.net\/wp56\/wp-json\/wp\/v2\/media\/3538"}],"wp:attachment":[{"href":"https:\/\/bonnettperu.net\/wp56\/wp-json\/wp\/v2\/media?parent=2535"}],"wp:term":[{"taxonomy":"product_cat","embeddable":true,"href":"https:\/\/bonnettperu.net\/wp56\/wp-json\/wp\/v2\/product_cat?post=2535"},{"taxonomy":"product_tag","embeddable":true,"href":"https:\/\/bonnettperu.net\/wp56\/wp-json\/wp\/v2\/product_tag?post=2535"}],"curies":[{"name":"wp","href":"https:\/\/api.w.org\/{rel}","templated":true}]}}