{"id":2412,"date":"2022-09-12T16:22:45","date_gmt":"2022-09-12T16:22:45","guid":{"rendered":"http:\/\/bonnettperu.net\/wp56\/?post_type=product&#038;p=2412"},"modified":"2022-12-20T15:01:46","modified_gmt":"2022-12-20T15:01:46","slug":"manometro-luise-modelo-0-25-bar","status":"publish","type":"product","link":"https:\/\/bonnettperu.net\/wp56\/producto\/manometro-luise-modelo-0-25-bar\/","title":{"rendered":"MAN\u00d3METRO LUISE MODELO 0 &#8211; 25 BAR"},"content":{"rendered":"<p><strong>Caracter\u00edsticas:<\/strong><\/p>\n<ul>\n<li>Construidos en cajas de material pl\u00e1stico<\/li>\n<li>Pueden usarse en aire o agua<\/li>\n<li>Temperatura: 80\u00b0 C<\/li>\n<li>PSI 0 &#8211; 360<\/li>\n<\/ul>\n<p><strong>Datos t\u00e9cnicos:<\/strong><\/p>\n<ul>\n<li><span>Conexi\u00f3n roscada de acero inoxidable<\/span><\/li>\n<li><span>Caja: acero inoxidable<\/span><\/li>\n<li><span>Esfera: doble escala negra y roja sobre fondo blanco<\/span><\/li>\n<li><span>Mano: aluminio pintado de negro<\/span><\/li>\n<li><span>Cubierta: policarbonato transparente<\/span><\/li>\n<li><span>Tipos de fijaci\u00f3n: radial o trasera<\/span><\/li>\n<li><span>Di\u00e1metros de conexi\u00f3n: G\u00bc&#8221; 50 mm y 63 mm BSP, BSPT, NPT<\/span><\/li>\n<li><span>Di\u00e1metros de conexi\u00f3n: G\u00bd\u201d 100 mm y 63 mm BSP, NPT<\/span><\/li>\n<\/ul>\n<p>&nbsp;<\/p>\n","protected":false},"excerpt":{"rendered":"<p><span>Man\u00f3metros de glicerina con caja y conectores de acero inoxidable.<\/span><\/p>\n<p><span>Los man\u00f3metros con caja de acero inoxidable, conexi\u00f3n de lat\u00f3n y glicerina l\u00edquida tienen una mayor precisi\u00f3n en la lectura de la presi\u00f3n.<\/span><\/p>\n<p>El man\u00f3metro Luise tiene una doble escala para visualizar la presi\u00f3n de fluidos en bar o PSI.<\/p>\n<p>&nbsp;<\/p>\n","protected":false},"featured_media":3959,"comment_status":"open","ping_status":"closed","template":"","meta":{"_uag_custom_page_level_css":"","site-sidebar-layout":"default","site-content-layout":"default","ast-global-header-display":"","ast-banner-title-visibility":"","ast-main-header-display":"","ast-hfb-above-header-display":"","ast-hfb-below-header-display":"","ast-hfb-mobile-header-display":"","site-post-title":"","ast-breadcrumbs-content":"","ast-featured-img":"","footer-sml-layout":"","theme-transparent-header-meta":"default","adv-header-id-meta":"","stick-header-meta":"","header-above-stick-meta":"","header-main-stick-meta":"","header-below-stick-meta":""},"product_cat":[840,43,873],"product_tag":[],"uagb_featured_image_src":{"full":["https:\/\/bonnettperu.net\/wp56\/wp-content\/uploads\/2022\/09\/Manometro-Glicerina-D100-0-25-Bar-Luise-Bonnett_1-copia.webp",1201,1200,false],"thumbnail":["https:\/\/bonnettperu.net\/wp56\/wp-content\/uploads\/2022\/09\/Manometro-Glicerina-D100-0-25-Bar-Luise-Bonnett_1-copia-150x150.webp",150,150,true],"medium":["https:\/\/bonnettperu.net\/wp56\/wp-content\/uploads\/2022\/09\/Manometro-Glicerina-D100-0-25-Bar-Luise-Bonnett_1-copia-300x300.webp",300,300,true],"medium_large":["https:\/\/bonnettperu.net\/wp56\/wp-content\/uploads\/2022\/09\/Manometro-Glicerina-D100-0-25-Bar-Luise-Bonnett_1-copia-768x767.webp",768,767,true],"large":["https:\/\/bonnettperu.net\/wp56\/wp-content\/uploads\/2022\/09\/Manometro-Glicerina-D100-0-25-Bar-Luise-Bonnett_1-copia-1024x1024.webp",1024,1024,true],"gswps_product_thumb":["https:\/\/bonnettperu.net\/wp56\/wp-content\/uploads\/2022\/09\/Manometro-Glicerina-D100-0-25-Bar-Luise-Bonnett_1-copia-350x350.webp",350,350,true],"1536x1536":["https:\/\/bonnettperu.net\/wp56\/wp-content\/uploads\/2022\/09\/Manometro-Glicerina-D100-0-25-Bar-Luise-Bonnett_1-copia.webp",1201,1200,false],"2048x2048":["https:\/\/bonnettperu.net\/wp56\/wp-content\/uploads\/2022\/09\/Manometro-Glicerina-D100-0-25-Bar-Luise-Bonnett_1-copia.webp",1201,1200,false],"woocommerce_thumbnail":["https:\/\/bonnettperu.net\/wp56\/wp-content\/uploads\/2022\/09\/Manometro-Glicerina-D100-0-25-Bar-Luise-Bonnett_1-copia-300x300.webp",300,300,true],"woocommerce_single":["https:\/\/bonnettperu.net\/wp56\/wp-content\/uploads\/2022\/09\/Manometro-Glicerina-D100-0-25-Bar-Luise-Bonnett_1-copia-600x600.webp",600,600,true],"woocommerce_gallery_thumbnail":["https:\/\/bonnettperu.net\/wp56\/wp-content\/uploads\/2022\/09\/Manometro-Glicerina-D100-0-25-Bar-Luise-Bonnett_1-copia-100x100.webp",100,100,true],"dgwt-wcas-product-suggestion":["https:\/\/bonnettperu.net\/wp56\/wp-content\/uploads\/2022\/09\/Manometro-Glicerina-D100-0-25-Bar-Luise-Bonnett_1-copia.webp",64,64,false]},"uagb_author_info":{"display_name":"admin","author_link":"https:\/\/bonnettperu.net\/wp56\/author\/"},"uagb_comment_info":0,"uagb_excerpt":"Man\u00f3metros de glicerina con caja y conectores de acero inoxidable. Los man\u00f3metros con caja de acero inoxidable, conexi\u00f3n de lat\u00f3n y glicerina l\u00edquida tienen una mayor precisi\u00f3n en la lectura de la presi\u00f3n. El man\u00f3metro Luise tiene una doble escala para visualizar la presi\u00f3n de fluidos en bar o PSI. &nbsp;","_links":{"self":[{"href":"https:\/\/bonnettperu.net\/wp56\/wp-json\/wp\/v2\/product\/2412"}],"collection":[{"href":"https:\/\/bonnettperu.net\/wp56\/wp-json\/wp\/v2\/product"}],"about":[{"href":"https:\/\/bonnettperu.net\/wp56\/wp-json\/wp\/v2\/types\/product"}],"replies":[{"embeddable":true,"href":"https:\/\/bonnettperu.net\/wp56\/wp-json\/wp\/v2\/comments?post=2412"}],"wp:featuredmedia":[{"embeddable":true,"href":"https:\/\/bonnettperu.net\/wp56\/wp-json\/wp\/v2\/media\/3959"}],"wp:attachment":[{"href":"https:\/\/bonnettperu.net\/wp56\/wp-json\/wp\/v2\/media?parent=2412"}],"wp:term":[{"taxonomy":"product_cat","embeddable":true,"href":"https:\/\/bonnettperu.net\/wp56\/wp-json\/wp\/v2\/product_cat?post=2412"},{"taxonomy":"product_tag","embeddable":true,"href":"https:\/\/bonnettperu.net\/wp56\/wp-json\/wp\/v2\/product_tag?post=2412"}],"curies":[{"name":"wp","href":"https:\/\/api.w.org\/{rel}","templated":true}]}}