{"id":1556,"date":"2022-07-29T23:39:25","date_gmt":"2022-07-29T23:39:25","guid":{"rendered":"http:\/\/bonnettperu.net\/wp56\/?post_type=product&#038;p=1556"},"modified":"2022-12-16T15:58:39","modified_gmt":"2022-12-16T15:58:39","slug":"tanque-hidroneumatico-elbi-horizontal-100-lts-afh-100-ce","status":"publish","type":"product","link":"https:\/\/bonnettperu.net\/wp56\/producto\/tanque-hidroneumatico-elbi-horizontal-100-lts-afh-100-ce\/","title":{"rendered":"TANQUE HIDRONEUMATICO &#8220;ELBI&#8221; HORIZONTAL  100 Lts.  AFH 100-CE"},"content":{"rendered":"<p><strong>Caracter\u00edsticas:<\/strong><br \/>\n\u2022 Temperatura de ejercicio: -10\u00b0\/ +99\u00b0C.<br \/>\n\u2022 Membrana de goma EPDM alimentaria ensayada, con caracter\u00edsticas de\u00a0elasticidad tales de permitir una expansi\u00f3n total dentro del tanque para asegurar\u00a0mejores prestaciones y mayor duraci\u00f3n.<br \/>\n\u2022 Pintado con polvos epox\u00eddicos de larga duraci\u00f3n para una mayor protecci\u00f3n\u00a0contra los agentes atmosf\u00e9ricos. Color azul. Modelo AFV 500 16 Bares pintado\u00a0con disolvente, color gris.<br \/>\n\u2022 Separaci\u00f3n total entre agua y aire.<br \/>\n\u2022 Separaci\u00f3n total del agua con respecto a las partes met\u00e1licas del tanque.<br \/>\n\u2022 Modelos AFV50 y AFH50 sin tirante<\/p>\n","protected":false},"excerpt":{"rendered":"<p>Los dep\u00f3sitos de membrana recambiable de Elbi son el fruto de 50 a\u00f1os de experiencia en dise\u00f1o, fabricaci\u00f3n y montaje de tanques para instalaciones h\u00eddricas. La gama, la m\u00e1s completa que pone a disposici\u00f3n el mercado por variedad de modelos. Los tanques de membrana recambiable de la serie AF son aptos para la mayor parte de las instalaciones residenciales e industriales donde se necesiten caudales de agua notables. Se entregan de serie en la versi\u00f3n de 10 bares. Homologadas CE, los dep\u00f3sitos de la serie AF, adem\u00e1s, est\u00e1n disponibles en versiones especiales\u00a0fabricadas seg\u00fan las normativas internacionales m\u00e1s importantes. La versi\u00f3n\u00a0horizontal est\u00e1 provista de un soporte universal para el motor para permitir la\u00a0colocaci\u00f3n de la bomba directamente arriba del tanque.<\/p>\n","protected":false},"featured_media":3435,"comment_status":"open","ping_status":"closed","template":"","meta":{"_uag_custom_page_level_css":"","site-sidebar-layout":"default","site-content-layout":"default","ast-global-header-display":"","ast-banner-title-visibility":"","ast-main-header-display":"","ast-hfb-above-header-display":"","ast-hfb-below-header-display":"","ast-hfb-mobile-header-display":"","site-post-title":"","ast-breadcrumbs-content":"","ast-featured-img":"","footer-sml-layout":"","theme-transparent-header-meta":"default","adv-header-id-meta":"","stick-header-meta":"","header-above-stick-meta":"","header-main-stick-meta":"","header-below-stick-meta":""},"product_cat":[52,869],"product_tag":[],"uagb_featured_image_src":{"full":["https:\/\/bonnettperu.net\/wp56\/wp-content\/uploads\/2022\/07\/tanque-elbi-AF-h-AF-blu-ELBI.png",1000,653,false],"thumbnail":["https:\/\/bonnettperu.net\/wp56\/wp-content\/uploads\/2022\/07\/tanque-elbi-AF-h-AF-blu-ELBI-150x150.png",150,150,true],"medium":["https:\/\/bonnettperu.net\/wp56\/wp-content\/uploads\/2022\/07\/tanque-elbi-AF-h-AF-blu-ELBI-300x196.png",300,196,true],"medium_large":["https:\/\/bonnettperu.net\/wp56\/wp-content\/uploads\/2022\/07\/tanque-elbi-AF-h-AF-blu-ELBI-768x502.png",768,502,true],"large":["https:\/\/bonnettperu.net\/wp56\/wp-content\/uploads\/2022\/07\/tanque-elbi-AF-h-AF-blu-ELBI.png",1000,653,false],"gswps_product_thumb":["https:\/\/bonnettperu.net\/wp56\/wp-content\/uploads\/2022\/07\/tanque-elbi-AF-h-AF-blu-ELBI-350x229.png",350,229,true],"1536x1536":["https:\/\/bonnettperu.net\/wp56\/wp-content\/uploads\/2022\/07\/tanque-elbi-AF-h-AF-blu-ELBI.png",1000,653,false],"2048x2048":["https:\/\/bonnettperu.net\/wp56\/wp-content\/uploads\/2022\/07\/tanque-elbi-AF-h-AF-blu-ELBI.png",1000,653,false],"woocommerce_thumbnail":["https:\/\/bonnettperu.net\/wp56\/wp-content\/uploads\/2022\/07\/tanque-elbi-AF-h-AF-blu-ELBI-300x300.png",300,300,true],"woocommerce_single":["https:\/\/bonnettperu.net\/wp56\/wp-content\/uploads\/2022\/07\/tanque-elbi-AF-h-AF-blu-ELBI-600x392.png",600,392,true],"woocommerce_gallery_thumbnail":["https:\/\/bonnettperu.net\/wp56\/wp-content\/uploads\/2022\/07\/tanque-elbi-AF-h-AF-blu-ELBI-100x100.png",100,100,true],"dgwt-wcas-product-suggestion":["https:\/\/bonnettperu.net\/wp56\/wp-content\/uploads\/2022\/07\/tanque-elbi-AF-h-AF-blu-ELBI.png",64,42,false]},"uagb_author_info":{"display_name":"admin","author_link":"https:\/\/bonnettperu.net\/wp56\/author\/"},"uagb_comment_info":0,"uagb_excerpt":"Los dep\u00f3sitos de membrana recambiable de Elbi son el fruto de 50 a\u00f1os de experiencia en dise\u00f1o, fabricaci\u00f3n y montaje de tanques para instalaciones h\u00eddricas. La gama, la m\u00e1s completa que pone a disposici\u00f3n el mercado por variedad de modelos. Los tanques de membrana recambiable de la serie AF son aptos para la mayor parte&hellip;","_links":{"self":[{"href":"https:\/\/bonnettperu.net\/wp56\/wp-json\/wp\/v2\/product\/1556"}],"collection":[{"href":"https:\/\/bonnettperu.net\/wp56\/wp-json\/wp\/v2\/product"}],"about":[{"href":"https:\/\/bonnettperu.net\/wp56\/wp-json\/wp\/v2\/types\/product"}],"replies":[{"embeddable":true,"href":"https:\/\/bonnettperu.net\/wp56\/wp-json\/wp\/v2\/comments?post=1556"}],"wp:featuredmedia":[{"embeddable":true,"href":"https:\/\/bonnettperu.net\/wp56\/wp-json\/wp\/v2\/media\/3435"}],"wp:attachment":[{"href":"https:\/\/bonnettperu.net\/wp56\/wp-json\/wp\/v2\/media?parent=1556"}],"wp:term":[{"taxonomy":"product_cat","embeddable":true,"href":"https:\/\/bonnettperu.net\/wp56\/wp-json\/wp\/v2\/product_cat?post=1556"},{"taxonomy":"product_tag","embeddable":true,"href":"https:\/\/bonnettperu.net\/wp56\/wp-json\/wp\/v2\/product_tag?post=1556"}],"curies":[{"name":"wp","href":"https:\/\/api.w.org\/{rel}","templated":true}]}}