{"id":1008,"date":"2021-10-08T06:11:09","date_gmt":"2021-10-08T06:11:09","guid":{"rendered":"http:\/\/bonnettperu.net\/wp56\/home\/"},"modified":"2022-11-28T19:57:53","modified_gmt":"2022-11-28T19:57:53","slug":"inicio","status":"publish","type":"page","link":"https:\/\/bonnettperu.net\/wp56\/","title":{"rendered":"Inicio"},"content":{"rendered":"\n<div class=\"wp-block-cover alignfull is-light\" style=\"min-height:867px\"><span aria-hidden=\"true\" class=\"wp-block-cover__background has-ast-global-color-7-background-color has-background-dim-0 has-background-dim\"><\/span><video class=\"wp-block-cover__video-background intrinsic-ignore\" autoplay muted loop playsinline src=\"https:\/\/bonnettperu.net\/wp56\/wp-content\/uploads\/2022\/11\/Mi-video-WEB-2.mp4\" data-object-fit=\"cover\"><\/video><div class=\"wp-block-cover__inner-container\">\n<h6 class=\"has-text-align-center has-ast-global-color-4-color has-text-color wp-block-heading\"><\/h6>\n\n\n\n<h1 class=\"has-text-align-center has-ast-global-color-4-color has-text-color has-medium-font-size wp-block-heading\" style=\"font-style:normal;font-weight:700\"><\/h1>\n\n\n\n<div style=\"height:427px\" aria-hidden=\"true\" class=\"wp-block-spacer\"><\/div>\n\n\n\n<div class=\"wp-block-buttons is-horizontal is-content-justification-center is-layout-flex wp-container-1\">\n<div class=\"wp-block-button is-style-fill\"><a class=\"wp-block-button__link has-white-color has-text-color has-background wp-element-button\" href=\"productos\" style=\"background-color:#002346\" rel=\"#\">Ver productos<\/a><\/div>\n<\/div>\n\n\n\n<div class=\"wp-block-buttons is-layout-flex\"><\/div>\n<\/div><\/div>\n\n\n\n<div style=\"height:67px\" aria-hidden=\"true\" class=\"wp-block-spacer\"><\/div>\n\n\n\n<h2 class=\"has-text-align-center has-medium-font-size wp-block-heading\"><strong>Nosotros<\/strong><\/h2>\n\n\n\n<p class=\"has-text-align-center\">Somos un grupo empresarial peruano l\u00edder en los distintos sectores en los que operamos. Nos manejamos con altos est\u00e1ndares de gesti\u00f3n, para competir en el mercado, El Grupo empresarial est\u00e1 conformado por Bonnett, Bonnett Retail, Bonnett Servicios Hidr\u00e1ulicos, Bonnett Servicios Log\u00edsticos, Bonnet Electric, Bonnett Oriente, Bonnett Colombia.<br><\/p>\n\n\n\n<p class=\"has-text-align-center\">_______________<br><\/p>\n\n\n\n<div class=\"wp-block-buttons is-content-justification-center is-layout-flex wp-container-3\">\n<div class=\"wp-block-button\"><a class=\"wp-block-button__link wp-element-button\" href=\"nosotros\" rel=\"#\">Leer m\u00e1s&#8230;<\/a><\/div>\n<\/div>\n\n\n\n<div style=\"height:42px\" aria-hidden=\"true\" class=\"wp-block-spacer\"><\/div>\n\n\n\n<p class=\"has-text-align-center has-medium-font-size\"><strong>Marcas que representamos<\/strong><\/p>\n\n\n<div  ><style id=\"sp_lcp_dynamic_css1375\">div#logo-carousel-free-1375.logo-carousel-free .sp-lc-logo{border: 1px solid #ffffff;}div#logo-carousel-free-1375.logo-carousel-free .sp-lc-logo:hover{border-color: #ffffff;}#logo-carousel-free-1375.sp-lc-container .sp-logo-carousel {padding-bottom: 46px;}#logo-carousel-free-1375.sp-lc-container .sp-lc-pagination .swiper-pagination-bullet {background-color: transparent;margin: 0 4px;}#logo-carousel-free-1375.sp-lc-container .sp-lc-pagination .swiper-pagination-bullet.swiper-pagination-bullet-active{background-color: transparent; }#logo-carousel-free-1375.sp-lc-container .sp-logo-carousel {padding-top: 46px;}#logo-carousel-free-1375.sp-lc-container .sp-lc-button-prev,#logo-carousel-free-1375.sp-lc-container .sp-lc-button-next {color: #ffffff;background: #002346;border: 1px solid #ffffff;line-height: 28px;}#logo-carousel-free-1375.sp-lc-container .sp-lc-button-prev:hover,#logo-carousel-free-1375.sp-lc-container .sp-lc-button-next:hover{background-color: #002346;color: #ffffff;border-color: #ffffff;}@media only screen and (max-width: 576px) {} .logo-carousel-free-area#logo-carousel-free-1375{position: relative;}#lcp-preloader-1375{position: absolute;left: 0;top: 0;height: 100%;width: 100%;text-align: center;display: flex;align-items: center;justify-content: center;background: #fff;z-index: 9999;} .logo-carousel-free-area#logo-carousel-free-1375 .sp-logo-carousel-section-title{margin-bottom: 50px;}@media screen and (min-width: 1200px ){.logo-carousel-free-area#logo-carousel-free-1375 .sp-logo-carousel:not([class*=\"-initialized\"]) > .swiper-wrapper {display: flex;width: calc( 100% + 30px );}.logo-carousel-free-area#logo-carousel-free-1375 .sp-logo-carousel:not([class*=\"-initialized\"]) > .swiper-wrapper > .swiper-slide {width: 12.5%;padding-right: 30px;}}<\/style><div id='logo-carousel-free-1375' class=\"logo-carousel-free logo-carousel-free-area sp-lc-container\"><div id=\"lcp-preloader-1375\" class=\"sp-logo-carousel-preloader\"><img decoding=\"async\" src=\"https:\/\/bonnettperu.net\/wp56\/wp-content\/plugins\/logo-carousel-free\/admin\/assets\/images\/spinner.svg\" alt=\"loader-image\"\/><\/div><h2 class=\"sp-logo-carousel-section-title\"><\/h2><div id=\"sp-logo-carousel-id-1375\" class=\"swiper-container sp-logo-carousel lcp-preloader\" dir=\"ltr\"  data-carousel='{ \"speed\":700,\"spaceBetween\": 30, \"autoplay\": true, \"infinite\":true, \"autoplay_speed\": 1000, \"stop_onHover\": true, \"pagination\": true, \"navigation\": true, \"MobileNav\": true, \"MobilePagi\": true, \"simulateTouch\": true,\"freeMode\": false, \"allowTouchMove\": true, \"slidesPerView\": { \"lg_desktop\": 8, \"desktop\": 8, \"tablet\": 5, \"mobile\": 4, \"mobile_landscape\": 4 } }' data-carousel-starts-onscreen=\"false\"><div class=\"swiper-wrapper\"><div class=\"swiper-slide\"><div class=\"sp-lc-logo\"><img decoding=\"async\" loading=\"lazy\" src=\"https:\/\/bonnettperu.net\/wp56\/wp-content\/uploads\/2022\/06\/Untitled-1-01.png\" title=\"\" alt=\"Pedrollo\" width=\"209\" height=\"125\" class=\"sp-lc-image skip-lazy\"><\/div><\/div><div class=\"swiper-slide\"><div class=\"sp-lc-logo\"><img decoding=\"async\" loading=\"lazy\" src=\"https:\/\/bonnettperu.net\/wp56\/wp-content\/uploads\/2022\/06\/Untitled-1-03.png\" title=\"\" alt=\"C.R.I. Pumps\" width=\"209\" height=\"125\" class=\"sp-lc-image skip-lazy\"><\/div><\/div><div class=\"swiper-slide\"><div class=\"sp-lc-logo\"><img decoding=\"async\" loading=\"lazy\" src=\"https:\/\/bonnettperu.net\/wp56\/wp-content\/uploads\/2022\/06\/Untitled-1-02.png\" title=\"\" alt=\"Bombas Ideal\" width=\"209\" height=\"125\" class=\"sp-lc-image skip-lazy\"><\/div><\/div><div class=\"swiper-slide\"><div class=\"sp-lc-logo\"><img decoding=\"async\" loading=\"lazy\" src=\"https:\/\/bonnettperu.net\/wp56\/wp-content\/uploads\/2022\/08\/Untitled-1-14.png\" title=\"\" alt=\"Pentair\" width=\"209\" height=\"125\" class=\"sp-lc-image skip-lazy\"><\/div><\/div><div class=\"swiper-slide\"><div class=\"sp-lc-logo\"><img decoding=\"async\" loading=\"lazy\" src=\"https:\/\/bonnettperu.net\/wp56\/wp-content\/uploads\/2022\/08\/Untitled-1-24.png\" title=\"\" alt=\"Elbi\" width=\"209\" height=\"125\" class=\"sp-lc-image skip-lazy\"><\/div><\/div><div class=\"swiper-slide\"><div class=\"sp-lc-logo\"><img decoding=\"async\" loading=\"lazy\" src=\"https:\/\/bonnettperu.net\/wp56\/wp-content\/uploads\/2022\/08\/Untitled-1-05.png\" title=\"\" alt=\"GWS\" width=\"209\" height=\"125\" class=\"sp-lc-image skip-lazy\"><\/div><\/div><div class=\"swiper-slide\"><div class=\"sp-lc-logo\"><img decoding=\"async\" loading=\"lazy\" src=\"https:\/\/bonnettperu.net\/wp56\/wp-content\/uploads\/2022\/08\/Untitled-1-04.png\" title=\"\" alt=\"Hidroline\" width=\"209\" height=\"125\" class=\"sp-lc-image skip-lazy\"><\/div><\/div><div class=\"swiper-slide\"><div class=\"sp-lc-logo\"><img decoding=\"async\" loading=\"lazy\" src=\"https:\/\/bonnettperu.net\/wp56\/wp-content\/uploads\/2022\/08\/Untitled-1-22.png\" title=\"\" alt=\"Watertech\" width=\"210\" height=\"125\" class=\"sp-lc-image skip-lazy\"><\/div><\/div><div class=\"swiper-slide\"><div class=\"sp-lc-logo\"><img decoding=\"async\" loading=\"lazy\" src=\"https:\/\/bonnettperu.net\/wp56\/wp-content\/uploads\/2022\/08\/Untitled-1-17-1.png\" title=\"\" alt=\"Luise\" width=\"209\" height=\"125\" class=\"sp-lc-image skip-lazy\"><\/div><\/div><div class=\"swiper-slide\"><div class=\"sp-lc-logo\"><img decoding=\"async\" loading=\"lazy\" src=\"https:\/\/bonnettperu.net\/wp56\/wp-content\/uploads\/2022\/08\/Untitled-1-06.png\" title=\"\" alt=\"ITAP\" width=\"209\" height=\"125\" class=\"sp-lc-image skip-lazy\"><\/div><\/div><div class=\"swiper-slide\"><div class=\"sp-lc-logo\"><img decoding=\"async\" loading=\"lazy\" src=\"https:\/\/bonnettperu.net\/wp56\/wp-content\/uploads\/2022\/08\/Untitled-1-09.png\" title=\"\" alt=\"Petrolmeccanica\" width=\"209\" height=\"125\" class=\"sp-lc-image skip-lazy\"><\/div><\/div><div class=\"swiper-slide\"><div class=\"sp-lc-logo\"><img decoding=\"async\" loading=\"lazy\" src=\"https:\/\/bonnettperu.net\/wp56\/wp-content\/uploads\/2022\/08\/Untitled-1-21.png\" title=\"\" alt=\"FAFNIR\" width=\"209\" height=\"125\" class=\"sp-lc-image skip-lazy\"><\/div><\/div><div class=\"swiper-slide\"><div class=\"sp-lc-logo\"><img decoding=\"async\" loading=\"lazy\" src=\"https:\/\/bonnettperu.net\/wp56\/wp-content\/uploads\/2022\/08\/Untitled-1-10.png\" title=\"\" alt=\"pompetravaini\" width=\"209\" height=\"125\" class=\"sp-lc-image skip-lazy\"><\/div><\/div><div class=\"swiper-slide\"><div class=\"sp-lc-logo\"><img decoding=\"async\" loading=\"lazy\" src=\"https:\/\/bonnettperu.net\/wp56\/wp-content\/uploads\/2022\/08\/Untitled-1-12.png\" title=\"\" alt=\"Piusi\" width=\"209\" height=\"125\" class=\"sp-lc-image skip-lazy\"><\/div><\/div><div class=\"swiper-slide\"><div class=\"sp-lc-logo\"><img decoding=\"async\" loading=\"lazy\" src=\"https:\/\/bonnettperu.net\/wp56\/wp-content\/uploads\/2022\/08\/Untitled-1-11.png\" title=\"\" alt=\"ELAFLEX\" width=\"209\" height=\"125\" class=\"sp-lc-image skip-lazy\"><\/div><\/div><div class=\"swiper-slide\"><div class=\"sp-lc-logo\"><img decoding=\"async\" loading=\"lazy\" src=\"https:\/\/bonnettperu.net\/wp56\/wp-content\/uploads\/2022\/08\/Untitled-1-18.png\" title=\"\" alt=\"Wilson Maquinarias\" width=\"209\" height=\"125\" class=\"sp-lc-image skip-lazy\"><\/div><\/div><div class=\"swiper-slide\"><div class=\"sp-lc-logo\"><img decoding=\"async\" loading=\"lazy\" src=\"https:\/\/bonnettperu.net\/wp56\/wp-content\/uploads\/2022\/08\/Untitled-1-19.png\" title=\"\" alt=\"Annovi reverberi\" width=\"209\" height=\"125\" class=\"sp-lc-image skip-lazy\"><\/div><\/div><div class=\"swiper-slide\"><div class=\"sp-lc-logo\"><img decoding=\"async\" loading=\"lazy\" src=\"https:\/\/bonnettperu.net\/wp56\/wp-content\/uploads\/2022\/08\/Untitled-1-13.png\" title=\"\" alt=\"ACTWELL\" width=\"210\" height=\"125\" class=\"sp-lc-image skip-lazy\"><\/div><\/div><div class=\"swiper-slide\"><div class=\"sp-lc-logo\"><img decoding=\"async\" loading=\"lazy\" src=\"https:\/\/bonnettperu.net\/wp56\/wp-content\/uploads\/2022\/08\/Untitled-1-20.png\" title=\"\" alt=\"FINI\" width=\"209\" height=\"125\" class=\"sp-lc-image skip-lazy\"><\/div><\/div><\/div><div class=\"sp-lc-pagination swiper-pagination dots\"><\/div><div class=\"sp-lc-button-next\"><i class=\"fa fa-angle-right\"><\/i><\/div><div class=\"sp-lc-button-prev\"><i class=\"fa fa-angle-left\"><\/i><\/div><\/div><\/div><\/div>\n\n\n<div style=\"height:24px\" aria-hidden=\"true\" class=\"wp-block-spacer\"><\/div>\n\n\n\n<h2 class=\"has-text-align-center has-medium-font-size wp-block-heading\"><strong>Cree en el futuro que creamos hoy.<\/strong><\/h2>\n\n\n<style>\r\n\r\n#wpsm_counter_b_row_5260 .wpsm_counterbox\r\n{\r\n\ttext-align:center;\r\n\tmargin-top:50px;\r\n\tmargin-bottom:50px;\r\n}\r\n#wpsm_counter_b_row_5260 .wpsm_counterbox .wpsm_count-icon{\r\n\tdisplay:block;\r\n\tmargin-top:20px;\r\n\tpadding-top:0px;\r\n\tpadding-bottom:0px;\r\n\tmargin-bottom:0px;\r\n\tmargin:0 auto;\r\n}\r\n#wpsm_counter_b_row_5260 .wpsm_counterbox .wpsm_count-icon i{\r\n\tfont-size:0px;\r\n\tcolor:#000000;\r\n}\r\n#wpsm_counter_b_row_5260 .wpsm_counterbox .wpsm_number{\r\n\tfont-size:53px;\r\n\tfont-weight:100;\r\n\tcolor:#000000;\r\n\tfont-family:'Times New Roman';\r\n\tletter-spacing:2px;\r\n\tmargin-top:20px;\r\n\tline-height: 1.3em;\r\n\tpadding-top:0px;\r\n\tpadding-bottom:0px;\r\n\tmargin-bottom:0px;\r\n}\r\n#wpsm_counter_b_row_5260 .wpsm_counterbox .wpsm_count-title{\r\n    font-size:24px;\r\n\tfont-weight:bolder;\r\n\tfont-family:'Times New Roman';\r\n\tletter-spacing:2px;\r\n    color: #000000;\r\n\tfont-weight:100;\r\n\tmargin-top:20px;\r\n\tpadding-top:0px;\r\n\tpadding-bottom:0px;\r\n\tmargin-bottom:0px;\r\n\tline-height: 1.3em;\r\n}\r\n\r\n<\/style> \r\n\t\t \r\n\t\t\r\n\t\t<style>\r\n\t\t#wpsm_counter_b_row_5260\t\t\t{\r\n\t\t\t\t\r\n\t\t\t\tposition:relative;\r\n\t\t\t\twidth:100%;\r\n\t\t\t\toverflow:hidden;\r\n\t\t\t\ttext-align:center;\r\n\t\t\t}\r\n\t\t\t \r\n\t\t\t#wpsm_counter_b_row_5260 .wpsm_row{\r\n\t\t\toverflow:hidden;\r\n\t\t\tdisplay:block;\r\n\t\t\twidth:100%;\r\n\t\t\t} \r\n\t\t\t \r\n\t\t\t#wpsm_counter_b_row_5260 .wpsm_row{\r\n\t\t\toverflow:visible;\r\n\t\t\t} \r\n\t\t\t \r\n\t\t\t#wpsm_counter_b_row_5260 .wpsm_counterbox .wpsm_count-title{\r\n\t\t\tmin-height:56px;\r\n\t\t\t}}\r\n\t\t\t \r\n\t\t<\/style>\r\n\t\t\r\n\t\t<div class=\"wpsm_counter_b_row\" id=\"wpsm_counter_b_row_5260\">\r\n\t\t\t<div>\r\n\t\t\t\t<div class=\"wpsm_row\">\r\n\t\t\r\n\t\t\t\t\t\t<div class=\"wpsm_col-md-4 wpsm_col-sm-6\">\r\n\t\t\t\t\t<div class=\"wpsm_counterbox\">\r\n\t\t\t\t\t\t\t\t\t\t\t\t<div class=\"wpsm_number\" style=\"#000000\" >\r\n\t\t\t\t\t\t   <span class=\"counter\">1\t\t\t\t\t\t   <\/span>\r\n\t\t\t\t\t\t    \r\n\t\t\t\t\t    <\/div>\r\n\t\t\t\t\t\t<h3 class=\"wpsm_count-title\" #000000> Grupo<\/h3>\r\n\t\t\t\t\t\t \r\n\t\t\t\t\t<\/div>\r\n\t\t\t\t<\/div>\r\n\t\t\t\t\t\t\t\t\t<div class=\"wpsm_col-md-4 wpsm_col-sm-6\">\r\n\t\t\t\t\t<div class=\"wpsm_counterbox\">\r\n\t\t\t\t\t\t\t\t\t\t\t\t<div class=\"wpsm_number\" style=\"#000000\" >\r\n\t\t\t\t\t\t   <span class=\"counter\">7\t\t\t\t\t\t   <\/span>\r\n\t\t\t\t\t\t    \r\n\t\t\t\t\t    <\/div>\r\n\t\t\t\t\t\t<h3 class=\"wpsm_count-title\" #000000> Empresas<\/h3>\r\n\t\t\t\t\t\t \r\n\t\t\t\t\t<\/div>\r\n\t\t\t\t<\/div>\r\n\t\t\t\t\t\t\t\t\t<div class=\"wpsm_col-md-4 wpsm_col-sm-6\">\r\n\t\t\t\t\t<div class=\"wpsm_counterbox\">\r\n\t\t\t\t\t\t\t\t\t\t\t\t<div class=\"wpsm_number\" style=\"#000000\" >\r\n\t\t\t\t\t\t   <span class=\"counter\">150\t\t\t\t\t\t   <\/span>\r\n\t\t\t\t\t\t    \r\n\t\t\t\t\t    <\/div>\r\n\t\t\t\t\t\t<h3 class=\"wpsm_count-title\" #000000> Colaboradores<\/h3>\r\n\t\t\t\t\t\t \r\n\t\t\t\t\t<\/div>\r\n\t\t\t\t<\/div>\r\n\t\t\t\t\t\t<\/div>\r\n\t\t\t<div class=\"wpsm_row\">\r\n\t\t\t\t\t\t\r\n\t\t\t<\/div>\t\t\t\t<\/div>\r\n\t\t<\/div>\r\n\t\t\r\n\t\n\n\n\n<div style=\"height:44px\" aria-hidden=\"true\" class=\"wp-block-spacer\"><\/div>\n\n\n\n<p class=\"has-text-align-center\">Conoce nuestro grupo empresarial con un clic en cada imagen,<br>obtendr\u00e1s m\u00e1s informaci\u00f3n sobre las empresas.<\/p>\n\n\n\n<div style=\"height:44px\" aria-hidden=\"true\" class=\"wp-block-spacer\"><\/div>\n\n\n<div id=\"metaslider-id-5408\" style=\"max-width: 950px; margin: 0 auto;\" class=\"ml-slider-3-31-0 metaslider metaslider-flex metaslider-5408 ml-slider ms-theme-default\">\n    <div id=\"metaslider_container_5408\">\n        <div id=\"metaslider_5408\">\n            <ul aria-live=\"polite\" class=\"slides\">\n                <li style=\"display: block; width: 100%;\" class=\"slide-5410 ms-image\"><img src=\"https:\/\/bonnettperu.net\/wp56\/wp-content\/uploads\/2022\/11\/tiendas-48-950x600.png\" height=\"600\" width=\"950\" alt=\"\" class=\"slider-5408 slide-5410\" title=\"tiendas-48\" \/><\/li>\n                <li style=\"display: none; width: 100%;\" class=\"slide-5411 ms-image\"><a href=\"https:\/\/bonnettservicios.wordpress.com\/\" target=\"_blank\"><img src=\"https:\/\/bonnettperu.net\/wp56\/wp-content\/uploads\/2022\/11\/tiendas-45-950x600.png\" height=\"600\" width=\"950\" alt=\"\" class=\"slider-5408 slide-5411\" title=\"tiendas-45\" \/><\/a><\/li>\n                <li style=\"display: none; width: 100%;\" class=\"slide-5412 ms-image\"><a href=\"https:\/\/bonnettoriente.com\/\" target=\"_blank\"><img src=\"https:\/\/bonnettperu.net\/wp56\/wp-content\/uploads\/2022\/11\/tiendas-46-950x600.png\" height=\"600\" width=\"950\" alt=\"\" class=\"slider-5408 slide-5412\" title=\"tiendas-46\" \/><\/a><\/li>\n                <li style=\"display: none; width: 100%;\" class=\"slide-5413 ms-image\"><a href=\"http:\/\/www.logisticabonnett.com\/\" target=\"_blank\"><img src=\"https:\/\/bonnettperu.net\/wp56\/wp-content\/uploads\/2022\/11\/tiendas-47-950x600.png\" height=\"600\" width=\"950\" alt=\"\" class=\"slider-5408 slide-5413\" title=\"tiendas-47\" \/><\/a><\/li>\n                <li style=\"display: none; width: 100%;\" class=\"slide-5414 ms-image\"><a href=\"https:\/\/www.facebook.com\/Bonnettelectric\/\" target=\"_blank\"><img src=\"https:\/\/bonnettperu.net\/wp56\/wp-content\/uploads\/2022\/11\/tiendas-49-950x600.png\" height=\"600\" width=\"950\" alt=\"\" class=\"slider-5408 slide-5414\" title=\"tiendas-49\" \/><\/a><\/li>\n                <li style=\"display: none; width: 100%;\" class=\"slide-5424 ms-image\"><a href=\"https:\/\/bonnettretail.com\/\" target=\"_blank\"><img src=\"https:\/\/bonnettperu.net\/wp56\/wp-content\/uploads\/2022\/11\/tiendas-44-7-950x600.png\" height=\"600\" width=\"950\" alt=\"\" class=\"slider-5408 slide-5424\" title=\"tiendas-44\" \/><\/a><\/li>\n                <li style=\"display: none; width: 100%;\" class=\"slide-5426 ms-image\"><a href=\"http:\/\/www.grupobonnett.com.co\/\" target=\"_blank\"><img src=\"https:\/\/bonnettperu.net\/wp56\/wp-content\/uploads\/2022\/11\/tiendas-50-1-950x600.png\" height=\"600\" width=\"950\" alt=\"\" class=\"slider-5408 slide-5426\" title=\"tiendas-50\" \/><\/a><\/li>\n            <\/ul>\n        <\/div>\n        \n    <\/div>\n<\/div>\n\n\n\n<div style=\"height:44px\" aria-hidden=\"true\" class=\"wp-block-spacer\"><\/div>\n","protected":false},"excerpt":{"rendered":"<p>Nosotros Somos un grupo empresarial peruano l\u00edder en los distintos sectores en los que operamos. Nos manejamos con altos est\u00e1ndares de gesti\u00f3n, para competir en el mercado, El Grupo empresarial est\u00e1 conformado por Bonnett, Bonnett Retail, Bonnett Servicios Hidr\u00e1ulicos, Bonnett Servicios Log\u00edsticos, Bonnet Electric, Bonnett Oriente, Bonnett Colombia. _______________ Marcas que representamos Cree en el &hellip;<\/p>\n<p class=\"read-more\"> <a class=\"\" href=\"https:\/\/bonnettperu.net\/wp56\/?p=5260\"> <span class=\"screen-reader-text\">Contador 1<\/span> Leer m\u00e1s &raquo;<\/a><\/p>\n","protected":false},"author":1,"featured_media":0,"parent":0,"menu_order":0,"comment_status":"closed","ping_status":"closed","template":"","meta":{"_uag_custom_page_level_css":"","site-sidebar-layout":"no-sidebar","site-content-layout":"plain-container","ast-global-header-display":"","ast-banner-title-visibility":"","ast-main-header-display":"","ast-hfb-above-header-display":"","ast-hfb-below-header-display":"","ast-hfb-mobile-header-display":"","site-post-title":"disabled","ast-breadcrumbs-content":"","ast-featured-img":"disabled","footer-sml-layout":"","theme-transparent-header-meta":"enabled","adv-header-id-meta":"","stick-header-meta":"","header-above-stick-meta":"","header-main-stick-meta":"","header-below-stick-meta":""},"uagb_featured_image_src":{"full":false,"thumbnail":false,"medium":false,"medium_large":false,"large":false,"gswps_product_thumb":false,"1536x1536":false,"2048x2048":false,"woocommerce_thumbnail":false,"woocommerce_single":false,"woocommerce_gallery_thumbnail":false,"dgwt-wcas-product-suggestion":false},"uagb_author_info":{"display_name":"admin","author_link":"https:\/\/bonnettperu.net\/wp56\/author\/admin\/"},"uagb_comment_info":0,"uagb_excerpt":"Nosotros Somos un grupo empresarial peruano l\u00edder en los distintos sectores en los que operamos. Nos manejamos con altos est\u00e1ndares de gesti\u00f3n, para competir en el mercado, El Grupo empresarial est\u00e1 conformado por Bonnett, Bonnett Retail, Bonnett Servicios Hidr\u00e1ulicos, Bonnett Servicios Log\u00edsticos, Bonnet Electric, Bonnett Oriente, Bonnett Colombia. _______________ Marcas que representamos Cree en el&hellip;","_links":{"self":[{"href":"https:\/\/bonnettperu.net\/wp56\/wp-json\/wp\/v2\/pages\/1008"}],"collection":[{"href":"https:\/\/bonnettperu.net\/wp56\/wp-json\/wp\/v2\/pages"}],"about":[{"href":"https:\/\/bonnettperu.net\/wp56\/wp-json\/wp\/v2\/types\/page"}],"author":[{"embeddable":true,"href":"https:\/\/bonnettperu.net\/wp56\/wp-json\/wp\/v2\/users\/1"}],"replies":[{"embeddable":true,"href":"https:\/\/bonnettperu.net\/wp56\/wp-json\/wp\/v2\/comments?post=1008"}],"version-history":[{"count":160,"href":"https:\/\/bonnettperu.net\/wp56\/wp-json\/wp\/v2\/pages\/1008\/revisions"}],"predecessor-version":[{"id":5431,"href":"https:\/\/bonnettperu.net\/wp56\/wp-json\/wp\/v2\/pages\/1008\/revisions\/5431"}],"wp:attachment":[{"href":"https:\/\/bonnettperu.net\/wp56\/wp-json\/wp\/v2\/media?parent=1008"}],"curies":[{"name":"wp","href":"https:\/\/api.w.org\/{rel}","templated":true}]}}